Last updated on 2025-10-31 07:51:40 CET.
| Flavor | Version | Tinstall | Tcheck | Ttotal | Status | Flags | 
|---|---|---|---|---|---|---|
| r-devel-linux-x86_64-debian-clang | 1.0 | 5.34 | 37.77 | 43.11 | NOTE | |
| r-devel-linux-x86_64-debian-gcc | 1.0 | 4.28 | 27.95 | 32.23 | NOTE | |
| r-devel-linux-x86_64-fedora-clang | 1.0 | 16.00 | 53.17 | 69.17 | OK | |
| r-devel-linux-x86_64-fedora-gcc | 1.0 | 28.00 | 39.03 | 67.03 | OK | |
| r-devel-windows-x86_64 | 1.0 | 8.00 | 51.00 | 59.00 | OK | |
| r-patched-linux-x86_64 | 1.0 | 5.90 | 35.25 | 41.15 | OK | |
| r-release-linux-x86_64 | 1.0 | 3.48 | 35.43 | 38.91 | OK | |
| r-release-macos-arm64 | 1.0 | 3.00 | 22.00 | 25.00 | OK | |
| r-release-macos-x86_64 | 1.0 | 6.00 | 38.00 | 44.00 | OK | |
| r-release-windows-x86_64 | 1.0 | 7.00 | 54.00 | 61.00 | OK | |
| r-oldrel-macos-arm64 | 1.0 | 3.00 | 24.00 | 27.00 | OK | |
| r-oldrel-macos-x86_64 | 1.0 | 4.00 | 28.00 | 32.00 | OK | |
| r-oldrel-windows-x86_64 | 1.0 | 8.00 | 62.00 | 70.00 | OK | 
Version: 1.0
Check: CRAN incoming feasibility
Result: NOTE
  Maintainer: ‘Inga Schwabe <bayestwin@gmail.com>’
  
  No Authors@R field in DESCRIPTION.
  Please add one, modifying
    Authors@R: person(given = "Inga",
                      family = "Schwabe",
                      role = c("aut", "cre"),
                      email = "bayestwin@gmail.com")
  as necessary.
  
  The BugReports field in DESCRIPTION has
    https://github.com/ingaschwabe/BayesTwin
  which should likely be
    https://github.com/ingaschwabe/BayesTwin/issues
  instead.
Flavors: r-devel-linux-x86_64-debian-clang, r-devel-linux-x86_64-debian-gcc