Last updated on 2025-11-03 07:48:57 CET.
| Flavor | Version | Tinstall | Tcheck | Ttotal | Status | Flags | 
|---|---|---|---|---|---|---|
| r-devel-linux-x86_64-debian-clang | 0.1.2 | 39.49 | 100.05 | 139.54 | NOTE | |
| r-devel-linux-x86_64-debian-gcc | 0.1.2 | 30.12 | 77.42 | 107.54 | NOTE | |
| r-devel-linux-x86_64-fedora-clang | 0.1.2 | 77.00 | 119.55 | 196.55 | NOTE | |
| r-devel-linux-x86_64-fedora-gcc | 0.1.2 | 64.00 | 137.47 | 201.47 | NOTE | |
| r-devel-windows-x86_64 | 0.1.2 | 44.00 | 135.00 | 179.00 | NOTE | |
| r-patched-linux-x86_64 | 0.1.2 | 38.57 | 93.86 | 132.43 | NOTE | |
| r-release-linux-x86_64 | 0.1.2 | 42.90 | 95.85 | 138.75 | NOTE | |
| r-release-macos-arm64 | 0.1.2 | 17.00 | 66.00 | 83.00 | NOTE | |
| r-release-macos-x86_64 | 0.1.2 | 28.00 | 122.00 | 150.00 | NOTE | |
| r-release-windows-x86_64 | 0.1.2 | 46.00 | 131.00 | 177.00 | NOTE | |
| r-oldrel-macos-arm64 | 0.1.2 | 18.00 | 72.00 | 90.00 | NOTE | |
| r-oldrel-macos-x86_64 | 0.1.2 | 24.00 | 107.00 | 131.00 | NOTE | |
| r-oldrel-windows-x86_64 | 0.1.2 | 55.00 | 183.00 | 238.00 | NOTE | 
Version: 0.1.2
Check: CRAN incoming feasibility
Result: NOTE
  Maintainer: ‘Masatoshi Katabuchi <mattocci27@gmail.com>’
  
  No Authors@R field in DESCRIPTION.
  Please add one, modifying
    Authors@R: person(given = "Masatoshi",
                      family = "Katabuchi",
                      role = c("aut", "cre"),
                      email = "mattocci27@gmail.com")
  as necessary.
Flavors: r-devel-linux-x86_64-debian-clang, r-devel-linux-x86_64-debian-gcc
Version: 0.1.2
Check: C++ specification
Result: NOTE
    Specified C++11: please drop specification unless essential
Flavors: r-devel-linux-x86_64-debian-clang, r-devel-linux-x86_64-debian-gcc, r-devel-linux-x86_64-fedora-clang, r-devel-linux-x86_64-fedora-gcc, r-devel-windows-x86_64, r-patched-linux-x86_64, r-release-linux-x86_64, r-release-macos-arm64, r-release-macos-x86_64, r-release-windows-x86_64, r-oldrel-macos-arm64, r-oldrel-macos-x86_64, r-oldrel-windows-x86_64
Version: 0.1.2
Check: installed package size
Result: NOTE
    installed size is  8.0Mb
    sub-directories of 1Mb or more:
      libs   7.7Mb
Flavors: r-oldrel-macos-arm64, r-oldrel-macos-x86_64