Last updated on 2025-02-19 07:54:04 CET.
Flavor | Version | Tinstall | Tcheck | Ttotal | Status | Flags |
---|---|---|---|---|---|---|
r-devel-linux-x86_64-debian-clang | 1.0 | 4.18 | 29.27 | 33.45 | NOTE | |
r-devel-linux-x86_64-debian-gcc | 1.0 | 3.22 | 22.99 | 26.21 | NOTE | |
r-devel-linux-x86_64-fedora-clang | 1.0 | 53.42 | OK | |||
r-devel-linux-x86_64-fedora-gcc | 1.0 | 50.46 | OK | |||
r-devel-macos-arm64 | 1.0 | 24.00 | OK | |||
r-devel-macos-x86_64 | 1.0 | 40.00 | OK | |||
r-devel-windows-x86_64 | 1.0 | 7.00 | 58.00 | 65.00 | NOTE | |
r-patched-linux-x86_64 | 1.0 | 6.27 | 28.18 | 34.45 | OK | |
r-release-linux-x86_64 | 1.0 | 3.82 | 27.80 | 31.62 | OK | |
r-release-macos-arm64 | 1.0 | 23.00 | OK | |||
r-release-macos-x86_64 | 1.0 | 32.00 | OK | |||
r-release-windows-x86_64 | 1.0 | 7.00 | 59.00 | 66.00 | OK | |
r-oldrel-macos-arm64 | 1.0 | 23.00 | OK | |||
r-oldrel-macos-x86_64 | 1.0 | 31.00 | OK | |||
r-oldrel-windows-x86_64 | 1.0 | 10.00 | 55.00 | 65.00 | OK |
Version: 1.0
Check: Rd cross-references
Result: NOTE
Found the following Rd file(s) with Rd \link{} targets missing package
anchors:
plot.yaConsensus.Rd: pheatmap
yaConsensus.Rd: doParallel
Please provide package anchors for all Rd \link{} targets not in the
package itself and the base packages.
Flavors: r-devel-linux-x86_64-debian-clang, r-devel-linux-x86_64-debian-gcc, r-devel-windows-x86_64