Last updated on 2025-02-07 07:49:22 CET.
Flavor | Version | Tinstall | Tcheck | Ttotal | Status | Flags |
---|---|---|---|---|---|---|
r-devel-linux-x86_64-debian-clang | 0.2.2 | 2.55 | 21.41 | 23.96 | OK | |
r-devel-linux-x86_64-debian-gcc | 0.2.2 | 1.89 | 16.56 | 18.45 | OK | |
r-devel-linux-x86_64-fedora-clang | 0.2.2 | 39.10 | NOTE | |||
r-devel-linux-x86_64-fedora-gcc | 0.2.2 | 36.29 | NOTE | |||
r-devel-windows-x86_64 | 0.2.2 | 5.00 | 44.00 | 49.00 | OK | |
r-patched-linux-x86_64 | 0.2.2 | 2.27 | 20.28 | 22.55 | NOTE | |
r-release-linux-x86_64 | 0.2.2 | 2.46 | 20.13 | 22.59 | NOTE | |
r-release-macos-arm64 | 0.2.2 | 17.00 | NOTE | |||
r-release-macos-x86_64 | 0.2.2 | 23.00 | NOTE | |||
r-release-windows-x86_64 | 0.2.2 | 5.00 | 44.00 | 49.00 | NOTE | |
r-oldrel-macos-arm64 | 0.2.2 | 17.00 | NOTE | |||
r-oldrel-macos-x86_64 | 0.2.2 | 21.00 | NOTE | |||
r-oldrel-windows-x86_64 | 0.2.2 | 5.00 | 42.00 | 47.00 | NOTE |
Version: 0.2.2
Check: dependencies in R code
Result: NOTE
Namespace in Imports field not imported from: ‘RCurl’
All declared Imports should be used.
Flavors: r-devel-linux-x86_64-fedora-clang, r-devel-linux-x86_64-fedora-gcc
Version: 0.2.2
Check: LazyData
Result: NOTE
'LazyData' is specified without a 'data' directory
Flavors: r-patched-linux-x86_64, r-release-linux-x86_64, r-release-macos-arm64, r-release-macos-x86_64, r-release-windows-x86_64, r-oldrel-macos-arm64, r-oldrel-macos-x86_64, r-oldrel-windows-x86_64