Last updated on 2025-05-09 07:51:12 CEST.
Flavor | Version | Tinstall | Tcheck | Ttotal | Status | Flags |
---|---|---|---|---|---|---|
r-devel-linux-x86_64-debian-clang | 3.2 | 3.77 | 44.00 | 47.77 | NOTE | |
r-devel-linux-x86_64-debian-gcc | 3.2 | 2.77 | 28.66 | 31.43 | NOTE | |
r-devel-linux-x86_64-fedora-clang | 3.2 | 77.34 | NOTE | |||
r-devel-linux-x86_64-fedora-gcc | 3.2 | 76.42 | NOTE | |||
r-devel-windows-x86_64 | 3.2 | 7.00 | 58.00 | 65.00 | NOTE | |
r-patched-linux-x86_64 | 3.2 | 3.95 | 42.18 | 46.13 | NOTE | |
r-release-linux-x86_64 | 3.2 | 3.41 | 42.08 | 45.49 | NOTE | |
r-release-macos-arm64 | 3.2 | 24.00 | NOTE | |||
r-release-macos-x86_64 | 3.2 | 44.00 | NOTE | |||
r-release-windows-x86_64 | 3.2 | 6.00 | 62.00 | 68.00 | NOTE | |
r-oldrel-macos-arm64 | 3.2 | 22.00 | NOTE | |||
r-oldrel-macos-x86_64 | 3.2 | 35.00 | NOTE | |||
r-oldrel-windows-x86_64 | 3.2 | 6.00 | 58.00 | 64.00 | NOTE |
Version: 3.2
Check: CRAN incoming feasibility
Result: NOTE
Maintainer: ‘Rui Sun <rsunzju@gmail.com>’
No Authors@R field in DESCRIPTION.
Please add one, modifying
Authors@R: c(person(given = "Rui",
family = "Sun",
role = c("aut", "cre"),
email = "rsunzju@gmail.com"),
person(given = c("Maggie", "Haitian"),
family = "Wang",
role = "aut"))
as necessary.
Flavors: r-devel-linux-x86_64-debian-clang, r-devel-linux-x86_64-debian-gcc
Version: 3.2
Check: Rd files
Result: NOTE
checkRd: (-1) wtest.Rd:61-64: Lost braces
61 | {When \code{w.order} =2, the \code{wtest()} will automatically calculate the main effect first and then do a pre-filter before calculating interactions.
| ^
checkRd: (-1) wtest.high.Rd:61-64: Lost braces
61 | {When \code{w.order} > 2, the \code{wtest()} will automatically calculate the main effect first and then do a pre-filter before calculating interactions.
| ^
Flavors: r-devel-linux-x86_64-debian-clang, r-devel-linux-x86_64-debian-gcc, r-devel-linux-x86_64-fedora-clang, r-devel-linux-x86_64-fedora-gcc, r-devel-windows-x86_64, r-patched-linux-x86_64, r-release-linux-x86_64, r-release-macos-arm64, r-release-macos-x86_64, r-release-windows-x86_64, r-oldrel-macos-arm64, r-oldrel-macos-x86_64, r-oldrel-windows-x86_64