Last updated on 2024-05-13 07:50:21 CEST.
Flavor | Version | Tinstall | Tcheck | Ttotal | Status | Flags |
---|---|---|---|---|---|---|
r-devel-linux-x86_64-debian-clang | 1.0.0 | 10.95 | 137.99 | 148.94 | NOTE | |
r-devel-linux-x86_64-debian-gcc | 1.0.0 | 7.44 | 102.95 | 110.39 | NOTE | |
r-devel-linux-x86_64-fedora-clang | 1.0.0 | 181.27 | NOTE | |||
r-devel-linux-x86_64-fedora-gcc | 1.0.0 | 242.45 | NOTE | |||
r-devel-windows-x86_64 | 1.0.0 | 9.00 | 113.00 | 122.00 | NOTE | |
r-patched-linux-x86_64 | 1.0.0 | 10.55 | 134.28 | 144.83 | NOTE | |
r-release-linux-x86_64 | 1.0.0 | 7.05 | 133.53 | 140.58 | NOTE | |
r-release-macos-arm64 | 1.0.0 | 50.00 | NOTE | |||
r-release-windows-x86_64 | 1.0.0 | 9.00 | 114.00 | 123.00 | NOTE | |
r-oldrel-macos-arm64 | 1.0.0 | 56.00 | OK | |||
r-oldrel-macos-x86_64 | 1.0.0 | 89.00 | OK | |||
r-oldrel-windows-x86_64 | 1.0.0 | 12.00 | 133.00 | 145.00 | OK |
Version: 1.0.0
Check: Rd files
Result: NOTE
checkRd: (-1) wql-package.Rd:7: Lost braces
7 | \title{c("\\Sexpr[results=rd,stage=build]{tools:::Rd_package_title(\"#1\")}",
| ^
checkRd: (-1) wql-package.Rd:10: Lost braces
10 | c("\\Sexpr[results=rd,stage=build]{tools:::Rd_package_description(\"#1\")}",
| ^
checkRd: (-1) wql-package.Rd:61: Lost braces
61 | c("\\Sexpr[results=rd,stage=build]{tools:::Rd_package_author(\"#1\")}",
| ^
checkRd: (-1) wql-package.Rd:65: Lost braces
65 | c("\\Sexpr[results=rd,stage=build]{tools:::Rd_package_maintainer(\"#1\")}",
| ^
Flavors: r-devel-linux-x86_64-debian-clang, r-devel-linux-x86_64-debian-gcc, r-devel-linux-x86_64-fedora-clang, r-devel-linux-x86_64-fedora-gcc, r-devel-windows-x86_64, r-patched-linux-x86_64, r-release-linux-x86_64, r-release-macos-arm64, r-release-windows-x86_64