Last updated on 2025-11-01 07:48:55 CET.
| Flavor | Version | Tinstall | Tcheck | Ttotal | Status | Flags |
|---|---|---|---|---|---|---|
| r-devel-linux-x86_64-debian-clang | 2.6 | 10.62 | 31.28 | 41.90 | NOTE | |
| r-devel-linux-x86_64-debian-gcc | 2.6 | 7.12 | 23.78 | 30.90 | NOTE | |
| r-devel-linux-x86_64-fedora-clang | 2.6 | 29.00 | 40.21 | 69.21 | OK | |
| r-devel-linux-x86_64-fedora-gcc | 2.6 | 20.00 | 41.65 | 61.65 | OK | |
| r-devel-windows-x86_64 | 2.6 | 15.00 | 64.00 | 79.00 | OK | |
| r-patched-linux-x86_64 | 2.6 | 10.59 | 28.59 | 39.18 | OK | |
| r-release-linux-x86_64 | 2.6 | 9.96 | 28.72 | 38.68 | OK | |
| r-release-macos-arm64 | 2.6 | 7.00 | 20.00 | 27.00 | OK | |
| r-release-macos-x86_64 | 2.6 | 12.00 | 31.00 | 43.00 | OK | |
| r-release-windows-x86_64 | 2.6 | 15.00 | 66.00 | 81.00 | OK | |
| r-oldrel-macos-arm64 | 2.6 | 6.00 | 24.00 | 30.00 | OK | |
| r-oldrel-macos-x86_64 | 2.6 | 8.00 | 27.00 | 35.00 | OK | |
| r-oldrel-windows-x86_64 | 2.6 | 18.00 | 76.00 | 94.00 | OK |
Version: 2.6
Check: CRAN incoming feasibility
Result: NOTE
Maintainer: ‘Ian Fellows <ian@fellstat.com>’
No Authors@R field in DESCRIPTION.
Please add one, modifying
Authors@R: person(given = "Ian",
family = "Fellows",
role = c("aut", "cre"),
email = "ian@fellstat.com")
as necessary.
Flavors: r-devel-linux-x86_64-debian-clang, r-devel-linux-x86_64-debian-gcc