Last updated on 2025-10-26 07:49:31 CET.
| Flavor | Version | Tinstall | Tcheck | Ttotal | Status | Flags |
|---|---|---|---|---|---|---|
| r-devel-linux-x86_64-debian-clang | 1.4-4 | 15.51 | 62.55 | 78.06 | OK | |
| r-devel-linux-x86_64-debian-gcc | 1.4-4 | 11.40 | 45.34 | 56.74 | OK | |
| r-devel-linux-x86_64-fedora-clang | 1.4-4 | 75.00 | 45.97 | 120.97 | OK | |
| r-devel-linux-x86_64-fedora-gcc | 1.4-4 | 30.00 | 96.68 | 126.68 | OK | |
| r-devel-windows-x86_64 | 1.4-4 | 19.00 | 101.00 | 120.00 | OK | |
| r-patched-linux-x86_64 | 1.4-4 | 18.80 | 58.31 | 77.11 | OK | |
| r-release-linux-x86_64 | 1.4-4 | 15.28 | 58.33 | 73.61 | OK | |
| r-release-macos-arm64 | 1.4-4 | 9.00 | 42.00 | 51.00 | OK | |
| r-release-macos-x86_64 | 1.4-4 | 19.00 | 69.00 | 88.00 | OK | |
| r-release-windows-x86_64 | 1.4-4 | 21.00 | 108.00 | 129.00 | OK | |
| r-oldrel-macos-arm64 | 1.4-4 | 10.00 | 37.00 | 47.00 | NOTE | |
| r-oldrel-macos-x86_64 | 1.4-4 | 17.00 | 85.00 | 102.00 | NOTE | |
| r-oldrel-windows-x86_64 | 1.4-4 | 21.00 | 122.00 | 143.00 | OK |
Version: 1.4-4
Check: installed package size
Result: NOTE
installed size is 5.2Mb
sub-directories of 1Mb or more:
data 4.5Mb
Flavors: r-oldrel-macos-arm64, r-oldrel-macos-x86_64