CRAN Package Check Results for Package wishmom

Last updated on 2025-02-17 07:50:51 CET.

Flavor Version Tinstall Tcheck Ttotal Status Flags
r-devel-linux-x86_64-debian-clang 1.1.0 2.72 26.83 29.55 OK
r-devel-linux-x86_64-debian-gcc 1.1.0 1.99 20.43 22.42 OK
r-devel-linux-x86_64-fedora-clang 1.1.0 49.19 NOTE
r-devel-linux-x86_64-fedora-gcc 1.1.0 60.41 NOTE
r-devel-macos-arm64 1.1.0 25.00 OK
r-devel-macos-x86_64 1.1.0 48.00 OK
r-devel-windows-x86_64 1.1.0 6.00 58.00 64.00 OK
r-patched-linux-x86_64 1.1.0 2.08 25.89 27.97 OK
r-release-linux-x86_64 1.1.0 2.82 25.18 28.00 OK
r-release-macos-arm64 1.1.0 26.00 OK
r-release-macos-x86_64 1.1.0 52.00 OK
r-release-windows-x86_64 1.1.0 5.00 50.00 55.00 OK
r-oldrel-macos-arm64 1.1.0 32.00 OK
r-oldrel-macos-x86_64 1.1.0 47.00 OK
r-oldrel-windows-x86_64 1.1.0 5.00 47.00 52.00 OK

Check Details

Version: 1.1.0
Check: dependencies in R code
Result: NOTE Namespace in Imports field not imported from: ‘roxygen2’ All declared Imports should be used. Flavors: r-devel-linux-x86_64-fedora-clang, r-devel-linux-x86_64-fedora-gcc