Last updated on 2025-02-17 07:50:51 CET.
Flavor | Version | Tinstall | Tcheck | Ttotal | Status | Flags |
---|---|---|---|---|---|---|
r-devel-linux-x86_64-debian-clang | 1.2.10 | 5.09 | 50.36 | 55.45 | NOTE | |
r-devel-linux-x86_64-debian-gcc | 1.2.10 | 3.90 | 37.60 | 41.50 | NOTE | |
r-devel-linux-x86_64-fedora-clang | 1.2.10 | 86.65 | NOTE | |||
r-devel-linux-x86_64-fedora-gcc | 1.2.10 | 86.70 | NOTE | |||
r-devel-macos-arm64 | 1.2.10 | 28.00 | NOTE | |||
r-devel-macos-x86_64 | 1.2.10 | 52.00 | NOTE | |||
r-devel-windows-x86_64 | 1.2.10 | 6.00 | 75.00 | 81.00 | NOTE | |
r-patched-linux-x86_64 | 1.2.10 | 5.01 | 48.25 | 53.26 | NOTE | |
r-release-linux-x86_64 | 1.2.10 | 5.33 | 47.54 | 52.87 | NOTE | |
r-release-macos-arm64 | 1.2.10 | 28.00 | NOTE | |||
r-release-macos-x86_64 | 1.2.10 | 42.00 | NOTE | |||
r-release-windows-x86_64 | 1.2.10 | 6.00 | 77.00 | 83.00 | NOTE | |
r-oldrel-macos-arm64 | 1.2.10 | 34.00 | OK | |||
r-oldrel-macos-x86_64 | 1.2.10 | 53.00 | OK | |||
r-oldrel-windows-x86_64 | 1.2.10 | 8.00 | 105.00 | 113.00 | OK |
Version: 1.2.10
Check: Rd files
Result: NOTE
checkRd: (-1) secondDerivative.Rd:14: Lost braces
14 | This must be a function of the form FUN <- function(x, ...){...}
| ^
checkRd: (-1) windAC.Rd:31: Lost braces in \itemize; meant \describe ?
checkRd: (-1) windAC.Rd:32: Lost braces in \itemize; meant \describe ?
checkRd: (-1) windAC.Rd:33: Lost braces in \itemize; meant \describe ?
Flavors: r-devel-linux-x86_64-debian-clang, r-devel-linux-x86_64-debian-gcc, r-devel-linux-x86_64-fedora-clang, r-devel-linux-x86_64-fedora-gcc, r-devel-macos-arm64, r-devel-macos-x86_64, r-devel-windows-x86_64, r-patched-linux-x86_64, r-release-linux-x86_64, r-release-macos-arm64, r-release-macos-x86_64, r-release-windows-x86_64