CRAN Package Check Results for Package whippr

Last updated on 2025-10-22 07:50:36 CEST.

Flavor Version Tinstall Tcheck Ttotal Status Flags
r-devel-linux-x86_64-debian-clang 0.1.4 7.14 131.03 138.17 NOTE
r-devel-linux-x86_64-debian-gcc 0.1.4 5.90 86.49 92.39 NOTE
r-devel-linux-x86_64-fedora-clang 0.1.4 30.00 195.06 225.06 OK
r-devel-linux-x86_64-fedora-gcc 0.1.4 17.00 183.83 200.83 OK
r-devel-windows-x86_64 0.1.4 10.00 128.00 138.00 OK
r-patched-linux-x86_64 0.1.4 7.20 120.94 128.14 OK
r-release-linux-x86_64 0.1.4 7.48 120.85 128.33 OK
r-release-macos-arm64 0.1.4 3.00 46.00 49.00 OK
r-release-macos-x86_64 0.1.4 6.00 97.00 103.00 OK
r-release-windows-x86_64 0.1.4 9.00 130.00 139.00 OK
r-oldrel-macos-arm64 0.1.4 3.00 52.00 55.00 OK
r-oldrel-macos-x86_64 0.1.4 6.00 101.00 107.00 OK
r-oldrel-windows-x86_64 0.1.4 12.00 170.00 182.00 OK

Check Details

Version: 0.1.4
Check: HTML version of manual
Result: NOTE Found the following HTML validation problems: print.whippr.html:51:1 (print.whippr.Rd:12): Warning: missing </ul> before </div> Flavors: r-devel-linux-x86_64-debian-clang, r-devel-linux-x86_64-debian-gcc