CRAN Package Check Results for Package websearchr

Last updated on 2025-05-09 07:51:12 CEST.

Flavor Version Tinstall Tcheck Ttotal Status Flags
r-devel-linux-x86_64-debian-clang 0.0.3 1.79 19.67 21.46 OK
r-devel-linux-x86_64-debian-gcc 0.0.3 1.56 15.98 17.54 OK
r-devel-linux-x86_64-fedora-clang 0.0.3 31.70 OK
r-devel-linux-x86_64-fedora-gcc 0.0.3 29.50 OK
r-devel-windows-x86_64 0.0.3 3.00 42.00 45.00 OK
r-patched-linux-x86_64 0.0.3 1.92 17.60 19.52 OK
r-release-linux-x86_64 0.0.3 1.76 17.60 19.36 OK
r-release-macos-arm64 0.0.3 16.00 OK
r-release-macos-x86_64 0.0.3 42.00 OK
r-release-windows-x86_64 0.0.3 3.00 48.00 51.00 OK
r-oldrel-macos-arm64 0.0.3 20.00 NOTE
r-oldrel-macos-x86_64 0.0.3 27.00 NOTE
r-oldrel-windows-x86_64 0.0.3 3.00 40.00 43.00 NOTE

Check Details

Version: 0.0.3
Check: LazyData
Result: NOTE 'LazyData' is specified without a 'data' directory Flavors: r-oldrel-macos-arm64, r-oldrel-macos-x86_64, r-oldrel-windows-x86_64