Last updated on 2025-02-17 07:50:50 CET.
Flavor | Version | Tinstall | Tcheck | Ttotal | Status | Flags |
---|---|---|---|---|---|---|
r-devel-linux-x86_64-debian-clang | 1.3.8 | 4.99 | 50.63 | 55.62 | OK | |
r-devel-linux-x86_64-debian-gcc | 1.3.8 | 3.79 | 39.12 | 42.91 | OK | |
r-devel-linux-x86_64-fedora-clang | 1.3.8 | 92.76 | OK | |||
r-devel-linux-x86_64-fedora-gcc | 1.3.8 | 106.62 | OK | |||
r-devel-macos-arm64 | 1.3.8 | 45.00 | OK | |||
r-devel-macos-x86_64 | 1.3.8 | 72.00 | OK | |||
r-devel-windows-x86_64 | 1.3.8 | 6.00 | 76.00 | 82.00 | OK | |
r-patched-linux-x86_64 | 1.3.8 | 5.23 | 48.02 | 53.25 | NOTE | |
r-release-linux-x86_64 | 1.3.8 | 4.29 | 48.64 | 52.93 | NOTE | |
r-release-macos-arm64 | 1.3.8 | 39.00 | NOTE | |||
r-release-macos-x86_64 | 1.3.8 | 60.00 | NOTE | |||
r-release-windows-x86_64 | 1.3.8 | 8.00 | 71.00 | 79.00 | NOTE | |
r-oldrel-macos-arm64 | 1.3.8 | 43.00 | NOTE | |||
r-oldrel-macos-x86_64 | 1.3.8 | 58.00 | NOTE | |||
r-oldrel-windows-x86_64 | 1.3.8 | 8.00 | 83.00 | 91.00 | NOTE |
Version: 1.3.8
Check: package dependencies
Result: NOTE
Package suggested but not available for checking: ‘prepr’
Flavors: r-patched-linux-x86_64, r-release-linux-x86_64, r-release-macos-arm64, r-release-macos-x86_64, r-release-windows-x86_64, r-oldrel-macos-arm64, r-oldrel-macos-x86_64, r-oldrel-windows-x86_64