Last updated on 2024-05-09 07:57:03 CEST.
Flavor | Version | Tinstall | Tcheck | Ttotal | Status | Flags |
---|---|---|---|---|---|---|
r-devel-linux-x86_64-debian-clang | 0.1.0 | 24.68 | 30.34 | 55.02 | NOTE | |
r-devel-linux-x86_64-debian-gcc | 0.1.0 | 19.46 | 23.13 | 42.59 | NOTE | |
r-devel-linux-x86_64-fedora-clang | 0.1.0 | 74.62 | NOTE | |||
r-devel-linux-x86_64-fedora-gcc | 0.1.0 | 119.23 | NOTE | |||
r-devel-windows-x86_64 | 0.1.0 | 18.00 | 63.00 | 81.00 | NOTE | |
r-patched-linux-x86_64 | 0.1.0 | 19.47 | 28.41 | 47.88 | NOTE | |
r-release-linux-x86_64 | 0.1.0 | 19.82 | 28.95 | 48.77 | NOTE | |
r-release-macos-arm64 | 0.1.0 | 22.00 | NOTE | |||
r-release-windows-x86_64 | 0.1.0 | 20.00 | 65.00 | 85.00 | NOTE | |
r-oldrel-macos-arm64 | 0.1.0 | 27.00 | NOTE | |||
r-oldrel-macos-x86_64 | 0.1.0 | 39.00 | NOTE | |||
r-oldrel-windows-x86_64 | 0.1.0 | 17.00 | 68.00 | 85.00 | NOTE |
Version: 0.1.0
Check: C++ specification
Result: NOTE
Specified C++11: please drop specification unless essential
Flavors: r-devel-linux-x86_64-debian-clang, r-devel-linux-x86_64-debian-gcc, r-devel-linux-x86_64-fedora-clang, r-devel-linux-x86_64-fedora-gcc, r-devel-windows-x86_64, r-patched-linux-x86_64, r-release-linux-x86_64, r-release-macos-arm64, r-release-windows-x86_64, r-oldrel-macos-arm64, r-oldrel-macos-x86_64, r-oldrel-windows-x86_64