CRAN Package Check Results for Package wakefield

Last updated on 2025-11-02 07:50:27 CET.

Flavor Version Tinstall Tcheck Ttotal Status Flags
r-devel-linux-x86_64-debian-clang 0.3.6 4.60 66.91 71.51 NOTE
r-devel-linux-x86_64-debian-gcc 0.3.6 3.10 48.20 51.30 NOTE
r-devel-linux-x86_64-fedora-clang 0.3.6 10.00 93.37 103.37 OK
r-devel-linux-x86_64-fedora-gcc 0.3.6 10.00 89.82 99.82 OK
r-devel-windows-x86_64 0.3.6 9.00 100.00 109.00 OK
r-patched-linux-x86_64 0.3.6 9.56 62.51 72.07 OK
r-release-linux-x86_64 0.3.6 4.61 62.25 66.86 OK
r-release-macos-arm64 0.3.6 2.00 28.00 30.00 OK
r-release-macos-x86_64 0.3.6 4.00 50.00 54.00 OK
r-release-windows-x86_64 0.3.6 9.00 98.00 107.00 OK
r-oldrel-macos-arm64 0.3.6 3.00 25.00 28.00 OK
r-oldrel-macos-x86_64 0.3.6 4.00 40.00 44.00 OK
r-oldrel-windows-x86_64 0.3.6 11.00 114.00 125.00 OK

Check Details

Version: 0.3.6
Check: CRAN incoming feasibility
Result: NOTE Maintainer: ‘Tyler Rinker <tyler.rinker@gmail.com>’ Package CITATION file contains call(s) to old-style citEntry(). Please use bibentry() instead. Flavors: r-devel-linux-x86_64-debian-clang, r-devel-linux-x86_64-debian-gcc