Last updated on 2025-02-19 07:54:03 CET.
Flavor | Version | Tinstall | Tcheck | Ttotal | Status | Flags |
---|---|---|---|---|---|---|
r-devel-linux-x86_64-debian-clang | 1.1.0 | 2.54 | 20.44 | 22.98 | NOTE | |
r-devel-linux-x86_64-debian-gcc | 1.1.0 | 1.92 | 16.27 | 18.19 | NOTE | |
r-devel-linux-x86_64-fedora-clang | 1.1.0 | 38.44 | NOTE | |||
r-devel-linux-x86_64-fedora-gcc | 1.1.0 | 35.55 | NOTE | |||
r-devel-macos-arm64 | 1.1.0 | 17.00 | NOTE | |||
r-devel-macos-x86_64 | 1.1.0 | 28.00 | NOTE | |||
r-devel-windows-x86_64 | 1.1.0 | 4.00 | 44.00 | 48.00 | NOTE | |
r-patched-linux-x86_64 | 1.1.0 | 3.01 | 19.67 | 22.68 | NOTE | |
r-release-linux-x86_64 | 1.1.0 | 2.04 | 19.56 | 21.60 | NOTE | |
r-release-macos-arm64 | 1.1.0 | 16.00 | NOTE | |||
r-release-macos-x86_64 | 1.1.0 | 27.00 | NOTE | |||
r-release-windows-x86_64 | 1.1.0 | 4.00 | 45.00 | 49.00 | NOTE | |
r-oldrel-macos-arm64 | 1.1.0 | 18.00 | OK | |||
r-oldrel-macos-x86_64 | 1.1.0 | 22.00 | OK | |||
r-oldrel-windows-x86_64 | 1.1.0 | 5.00 | 45.00 | 50.00 | OK |
Version: 1.1.0
Check: Rd files
Result: NOTE
checkRd: (-1) vsts_create_release.Rd:33: Lost braces in \itemize; meant \describe ?
checkRd: (-1) vsts_create_release.Rd:34: Lost braces in \itemize; meant \describe ?
Flavors: r-devel-linux-x86_64-debian-clang, r-devel-linux-x86_64-debian-gcc, r-devel-linux-x86_64-fedora-clang, r-devel-linux-x86_64-fedora-gcc, r-devel-macos-arm64, r-devel-macos-x86_64, r-devel-windows-x86_64, r-patched-linux-x86_64, r-release-linux-x86_64, r-release-macos-arm64, r-release-macos-x86_64, r-release-windows-x86_64
Version: 1.1.0
Check: dependencies in R code
Result: NOTE
Namespace in Imports field not imported from: ‘R6’
All declared Imports should be used.
Flavors: r-devel-linux-x86_64-fedora-clang, r-devel-linux-x86_64-fedora-gcc