Last updated on 2025-02-17 07:50:50 CET.
Flavor | Version | Tinstall | Tcheck | Ttotal | Status | Flags |
---|---|---|---|---|---|---|
r-devel-linux-x86_64-debian-clang | 0.1.0 | 9.77 | 76.52 | 86.29 | NOTE | |
r-devel-linux-x86_64-debian-gcc | 0.1.0 | 6.71 | 55.95 | 62.66 | NOTE | |
r-devel-linux-x86_64-fedora-clang | 0.1.0 | 136.66 | NOTE | |||
r-devel-linux-x86_64-fedora-gcc | 0.1.0 | 125.84 | NOTE | |||
r-devel-macos-arm64 | 0.1.0 | 44.00 | OK | |||
r-devel-macos-x86_64 | 0.1.0 | 71.00 | OK | |||
r-devel-windows-x86_64 | 0.1.0 | 11.00 | 89.00 | 100.00 | NOTE | |
r-patched-linux-x86_64 | 0.1.0 | 15.60 | 71.43 | 87.03 | OK | |
r-release-linux-x86_64 | 0.1.0 | 8.37 | 71.90 | 80.27 | OK | |
r-release-macos-arm64 | 0.1.0 | 40.00 | OK | |||
r-release-macos-x86_64 | 0.1.0 | 59.00 | OK | |||
r-release-windows-x86_64 | 0.1.0 | 9.00 | 94.00 | 103.00 | OK | |
r-oldrel-macos-arm64 | 0.1.0 | 45.00 | OK | |||
r-oldrel-macos-x86_64 | 0.1.0 | 67.00 | OK | |||
r-oldrel-windows-x86_64 | 0.1.0 | 14.00 | 98.00 | 112.00 | OK |
Version: 0.1.0
Check: Rd cross-references
Result: NOTE
Found the following Rd file(s) with Rd \link{} targets missing package
anchors:
vsd.Rd: ggplot2, Surv
Please provide package anchors for all Rd \link{} targets not in the
package itself and the base packages.
Flavors: r-devel-linux-x86_64-debian-clang, r-devel-linux-x86_64-debian-gcc, r-devel-windows-x86_64
Version: 0.1.0
Check: dependencies in R code
Result: NOTE
Namespace in Imports field not imported from: ‘flexsurv’
All declared Imports should be used.
Flavors: r-devel-linux-x86_64-fedora-clang, r-devel-linux-x86_64-fedora-gcc