Last updated on 2025-02-17 07:50:50 CET.
Flavor | Version | Tinstall | Tcheck | Ttotal | Status | Flags |
---|---|---|---|---|---|---|
r-devel-linux-x86_64-debian-clang | 1.0.3 | 12.36 | 310.10 | 322.46 | OK | |
r-devel-linux-x86_64-debian-gcc | 1.0.3 | 8.34 | 202.60 | 210.94 | OK | |
r-devel-linux-x86_64-fedora-clang | 1.0.3 | 532.24 | OK | |||
r-devel-linux-x86_64-fedora-gcc | 1.0.3 | 507.68 | OK | |||
r-devel-macos-arm64 | 1.0.3 | 152.00 | OK | |||
r-devel-macos-x86_64 | 1.0.3 | 342.00 | OK | |||
r-devel-windows-x86_64 | 1.0.3 | 15.00 | 274.00 | 289.00 | OK | |
r-patched-linux-x86_64 | 1.0.3 | 12.35 | 292.89 | 305.24 | NOTE | |
r-release-linux-x86_64 | 1.0.3 | 12.76 | 292.12 | 304.88 | NOTE | |
r-release-macos-arm64 | 1.0.3 | 142.00 | NOTE | |||
r-release-macos-x86_64 | 1.0.3 | 303.00 | NOTE | |||
r-release-windows-x86_64 | 1.0.3 | 16.00 | 265.00 | 281.00 | OK | |
r-oldrel-macos-arm64 | 1.0.3 | 174.00 | NOTE | |||
r-oldrel-macos-x86_64 | 1.0.3 | 275.00 | NOTE | |||
r-oldrel-windows-x86_64 | 1.0.3 | 19.00 | 344.00 | 363.00 | NOTE |
Version: 1.0.3
Check: package dependencies
Result: NOTE
Package suggested but not available for checking: ‘INLA’
Flavors: r-patched-linux-x86_64, r-release-linux-x86_64, r-release-macos-arm64, r-release-macos-x86_64, r-oldrel-macos-arm64, r-oldrel-macos-x86_64, r-oldrel-windows-x86_64
Version: 1.0.3
Check: Rd cross-references
Result: NOTE
Package unavailable to check Rd xrefs: ‘INLA’
Flavors: r-patched-linux-x86_64, r-release-linux-x86_64, r-release-macos-arm64, r-release-macos-x86_64, r-oldrel-macos-arm64, r-oldrel-macos-x86_64, r-oldrel-windows-x86_64