Last updated on 2024-05-09 07:57:03 CEST.
Flavor | Version | Tinstall | Tcheck | Ttotal | Status | Flags |
---|---|---|---|---|---|---|
r-devel-linux-x86_64-debian-clang | 3.3.0 | 4.44 | 33.86 | 38.30 | OK | |
r-devel-linux-x86_64-debian-gcc | 3.3.0 | 3.07 | 25.92 | 28.99 | OK | |
r-devel-linux-x86_64-fedora-clang | 3.3.0 | 46.64 | NOTE | |||
r-devel-linux-x86_64-fedora-gcc | 3.3.0 | 62.57 | OK | |||
r-devel-windows-x86_64 | 3.3.0 | 6.00 | 51.00 | 57.00 | NOTE | |
r-patched-linux-x86_64 | 3.3.0 | 3.23 | 32.19 | 35.42 | OK | |
r-release-linux-x86_64 | 3.3.0 | 4.55 | 31.72 | 36.27 | OK | |
r-release-macos-arm64 | 3.3.0 | 19.00 | NOTE | |||
r-release-macos-x86_64 | 3.3.0 | 38.00 | NOTE | |||
r-release-windows-x86_64 | 3.3.0 | 6.00 | 50.00 | 56.00 | NOTE | |
r-oldrel-macos-arm64 | 3.3.0 | 25.00 | NOTE | |||
r-oldrel-macos-x86_64 | 3.3.0 | 40.00 | NOTE | |||
r-oldrel-windows-x86_64 | 3.3.0 | 6.00 | 53.00 | 59.00 | NOTE |
Version: 3.3.0
Check: installed package size
Result: NOTE
installed size is 6.6Mb
sub-directories of 1Mb or more:
help 1.3Mb
htmlwidgets 5.2Mb
Flavors: r-devel-linux-x86_64-fedora-clang, r-devel-windows-x86_64, r-release-macos-arm64, r-release-macos-x86_64, r-release-windows-x86_64, r-oldrel-macos-arm64, r-oldrel-macos-x86_64, r-oldrel-windows-x86_64