Last updated on 2024-05-09 07:57:03 CEST.
Flavor | Version | Tinstall | Tcheck | Ttotal | Status | Flags |
---|---|---|---|---|---|---|
r-devel-linux-x86_64-debian-clang | 0.1.0 | 5.06 | 43.92 | 48.98 | NOTE | |
r-devel-linux-x86_64-debian-gcc | 0.1.0 | 3.67 | 33.21 | 36.88 | NOTE | |
r-devel-linux-x86_64-fedora-clang | 0.1.0 | 59.23 | NOTE | |||
r-devel-linux-x86_64-fedora-gcc | 0.1.0 | 110.24 | NOTE | |||
r-devel-windows-x86_64 | 0.1.0 | 6.00 | 54.00 | 60.00 | NOTE | |
r-patched-linux-x86_64 | 0.1.0 | 4.76 | 41.40 | 46.16 | NOTE | |
r-release-linux-x86_64 | 0.1.0 | 4.32 | 40.59 | 44.91 | NOTE | |
r-release-macos-arm64 | 0.1.0 | 25.00 | NOTE | |||
r-release-windows-x86_64 | 0.1.0 | 6.00 | 54.00 | 60.00 | NOTE | |
r-oldrel-macos-arm64 | 0.1.0 | 22.00 | NOTE | |||
r-oldrel-macos-x86_64 | 0.1.0 | 33.00 | NOTE | |||
r-oldrel-windows-x86_64 | 0.1.0 | 6.00 | 58.00 | 64.00 | NOTE |
Version: 0.1.0
Check: LazyData
Result: NOTE
'LazyData' is specified without a 'data' directory
Flavors: r-devel-linux-x86_64-debian-clang, r-devel-linux-x86_64-debian-gcc, r-devel-linux-x86_64-fedora-clang, r-devel-linux-x86_64-fedora-gcc, r-devel-windows-x86_64, r-patched-linux-x86_64, r-release-linux-x86_64, r-release-macos-arm64, r-release-windows-x86_64, r-oldrel-macos-arm64, r-oldrel-macos-x86_64, r-oldrel-windows-x86_64