Last updated on 2025-05-09 07:51:11 CEST.
Flavor | Version | Tinstall | Tcheck | Ttotal | Status | Flags |
---|---|---|---|---|---|---|
r-devel-linux-x86_64-debian-clang | 0.3 | 1.57 | 18.28 | 19.85 | NOTE | |
r-devel-linux-x86_64-debian-gcc | 0.3 | 1.34 | 15.08 | 16.42 | NOTE | |
r-devel-linux-x86_64-fedora-clang | 0.3 | 28.98 | OK | |||
r-devel-linux-x86_64-fedora-gcc | 0.3 | 27.30 | OK | |||
r-devel-windows-x86_64 | 0.3 | 2.00 | 34.00 | 36.00 | OK | |
r-patched-linux-x86_64 | 0.3 | 1.83 | 16.35 | 18.18 | OK | |
r-release-linux-x86_64 | 0.3 | 1.65 | 16.36 | 18.01 | OK | |
r-release-macos-arm64 | 0.3 | 15.00 | OK | |||
r-release-macos-x86_64 | 0.3 | 22.00 | OK | |||
r-release-windows-x86_64 | 0.3 | 2.00 | 39.00 | 41.00 | OK | |
r-oldrel-macos-arm64 | 0.3 | 13.00 | NOTE | |||
r-oldrel-macos-x86_64 | 0.3 | 19.00 | NOTE | |||
r-oldrel-windows-x86_64 | 0.3 | 2.00 | 34.00 | 36.00 | NOTE |
Version: 0.3
Check: CRAN incoming feasibility
Result: NOTE
Maintainer: ‘Nick Golding <nick.golding.research@gmail.com>’
No Authors@R field in DESCRIPTION.
Please add one, modifying
Authors@R: person(given = "Nick",
family = "Golding",
role = c("aut", "cre"),
email = "nick.golding.research@gmail.com")
as necessary.
Flavors: r-devel-linux-x86_64-debian-clang, r-devel-linux-x86_64-debian-gcc
Version: 0.3
Check: LazyData
Result: NOTE
'LazyData' is specified without a 'data' directory
Flavors: r-oldrel-macos-arm64, r-oldrel-macos-x86_64, r-oldrel-windows-x86_64