Last updated on 2025-02-05 07:50:29 CET.
Flavor | Version | Tinstall | Tcheck | Ttotal | Status | Flags |
---|---|---|---|---|---|---|
r-devel-linux-x86_64-debian-clang | 0.1.8 | 13.95 | 123.41 | 137.36 | NOTE | |
r-devel-linux-x86_64-debian-gcc | 0.1.8 | 8.78 | 86.65 | 95.43 | NOTE | |
r-devel-linux-x86_64-fedora-clang | 0.1.8 | 229.68 | OK | |||
r-devel-linux-x86_64-fedora-gcc | 0.1.8 | 210.97 | OK | |||
r-devel-windows-x86_64 | 0.1.8 | 14.00 | 135.00 | 149.00 | NOTE | |
r-patched-linux-x86_64 | 0.1.8 | 21.56 | 113.67 | 135.23 | OK | |
r-release-linux-x86_64 | 0.1.8 | 11.37 | 115.72 | 127.09 | OK | |
r-release-macos-arm64 | 0.1.8 | 55.00 | OK | |||
r-release-macos-x86_64 | 0.1.8 | 80.00 | OK | |||
r-release-windows-x86_64 | 0.1.8 | 15.00 | 135.00 | 150.00 | OK | |
r-oldrel-macos-arm64 | 0.1.8 | 61.00 | OK | |||
r-oldrel-macos-x86_64 | 0.1.8 | 106.00 | OK | |||
r-oldrel-windows-x86_64 | 0.1.8 | 19.00 | 179.00 | 198.00 | OK |
Version: 0.1.8
Check: Rd cross-references
Result: NOTE
Found the following Rd file(s) with Rd \link{} targets missing package
anchors:
count_taxa.Rd: taxlist-class
make_cocktail.Rd: taxlist-class
subset.Rd: taxlist-class
summary.Rd: taxlist-class
tv2vegtable.Rd: taxlist-class, read.dbf
used_synonyms.Rd: get_children, get_parents, taxlist-class,
accepted_name
vegtable-class.Rd: taxlist-class
Please provide package anchors for all Rd \link{} targets not in the
package itself and the base packages.
Flavors: r-devel-linux-x86_64-debian-clang, r-devel-linux-x86_64-debian-gcc, r-devel-windows-x86_64