Last updated on 2024-05-11 07:51:46 CEST.
Flavor | Version | Tinstall | Tcheck | Ttotal | Status | Flags |
---|---|---|---|---|---|---|
r-devel-linux-x86_64-debian-clang | 0.9.12 | 11.55 | 121.44 | 132.99 | OK | |
r-devel-linux-x86_64-debian-gcc | 0.9.12 | 6.33 | 91.66 | 97.99 | OK | |
r-devel-linux-x86_64-fedora-clang | 0.9.12 | 159.69 | OK | |||
r-devel-linux-x86_64-fedora-gcc | 0.9.12 | 226.03 | OK | |||
r-devel-windows-x86_64 | 0.9.12 | 10.00 | 132.00 | 142.00 | OK | |
r-patched-linux-x86_64 | 0.9.12 | 6.39 | 116.46 | 122.85 | OK | |
r-release-linux-x86_64 | 0.9.12 | 5.79 | 118.06 | 123.85 | OK | |
r-release-macos-arm64 | 0.9.12 | 46.00 | ERROR | |||
r-release-macos-x86_64 | 0.9.12 | 147.00 | OK | |||
r-release-windows-x86_64 | 0.9.12 | 10.00 | 132.00 | 142.00 | OK | |
r-oldrel-macos-arm64 | 0.9.12 | 72.00 | OK | |||
r-oldrel-macos-x86_64 | 0.9.12 | 139.00 | OK | |||
r-oldrel-windows-x86_64 | 0.9.12 | 12.00 | 143.00 | 155.00 | OK |
Version: 0.9.12
Check: re-building of vignette outputs
Result: ERROR
Error(s) in re-building vignettes:
...
--- re-building ‘vegdata.Rnw’ using knitr
Quitting from lines 142-143 [tax] (vegdata.Rnw)
Error: processing vignette 'vegdata.Rnw' failed with diagnostics:
Timeout was reached: [germansl.infinitenature.org] Resolving timed out after 10004 milliseconds
--- failed re-building ‘vegdata.Rnw’
SUMMARY: processing the following file failed:
‘vegdata.Rnw’
Error: Vignette re-building failed.
Execution halted
Flavor: r-release-macos-arm64