CRAN Package Check Results for Package vctrs

Last updated on 2025-11-03 07:48:57 CET.

Flavor Version Tinstall Tcheck Ttotal Status Flags
r-devel-linux-x86_64-debian-clang 0.6.5 36.68 219.21 255.89 NOTE
r-devel-linux-x86_64-debian-gcc 0.6.5 29.53 145.93 175.46 NOTE
r-devel-linux-x86_64-fedora-clang 0.6.5 77.00 313.89 390.89 NOTE
r-devel-linux-x86_64-fedora-gcc 0.6.5 88.00 307.97 395.97 NOTE
r-devel-windows-x86_64 0.6.5 77.00 231.00 308.00 NOTE
r-patched-linux-x86_64 0.6.5 38.56 203.69 242.25 NOTE
r-release-linux-x86_64 0.6.5 36.66 204.48 241.14 NOTE
r-release-macos-arm64 0.6.5 19.00 115.00 134.00 NOTE
r-release-macos-x86_64 0.6.5 24.00 257.00 281.00 NOTE
r-release-windows-x86_64 0.6.5 78.00 232.00 310.00 NOTE
r-oldrel-macos-arm64 0.6.5 18.00 97.00 115.00 OK
r-oldrel-macos-x86_64 0.6.5 17.00 161.00 178.00 OK
r-oldrel-windows-x86_64 0.6.5 91.00 298.00 389.00 OK

Check Details

Version: 0.6.5
Check: compiled code
Result: NOTE File ‘vctrs/libs/vctrs.so’: Found non-API calls to R: ‘BODY’, ‘CLOENV’, ‘ENCLOS’, ‘EXTPTR_PROT’, ‘EXTPTR_TAG’, ‘FORMALS’, ‘FRAME’, ‘HASHTAB’, ‘IS_S4_OBJECT’, ‘LEVELS’, ‘OBJECT’, ‘PRENV’, ‘PRVALUE’, ‘R_PromiseExpr’, ‘Rf_allocSExp’, ‘Rf_findVarInFrame3’, ‘SETLENGTH’, ‘SET_BODY’, ‘SET_CLOENV’, ‘SET_ENCLOS’, ‘SET_FORMALS’, ‘SET_GROWABLE_BIT’, ‘SET_S4_OBJECT’, ‘SET_TRUELENGTH’, ‘STDVEC_DATAPTR’, ‘STRING_PTR’, ‘TRUELENGTH’, ‘UNSET_S4_OBJECT’ Compiled code should not call non-API entry points in R. See ‘Writing portable packages’ in the ‘Writing R Extensions’ manual, and section ‘Moving into C API compliance’ for issues with the use of non-API entry points. Flavors: r-devel-linux-x86_64-debian-clang, r-devel-linux-x86_64-debian-gcc, r-devel-linux-x86_64-fedora-clang, r-devel-linux-x86_64-fedora-gcc, r-patched-linux-x86_64, r-release-linux-x86_64, r-release-macos-arm64, r-release-macos-x86_64

Version: 0.6.5
Check: compiled code
Result: NOTE File 'vctrs/libs/x64/vctrs.dll': Found non-API calls to R: 'BODY', 'CLOENV', 'ENCLOS', 'EXTPTR_PROT', 'EXTPTR_TAG', 'FORMALS', 'FRAME', 'HASHTAB', 'IS_S4_OBJECT', 'LEVELS', 'OBJECT', 'PRENV', 'PRVALUE', 'R_PromiseExpr', 'Rf_allocSExp', 'Rf_findVarInFrame3', 'SETLENGTH', 'SET_BODY', 'SET_CLOENV', 'SET_ENCLOS', 'SET_FORMALS', 'SET_GROWABLE_BIT', 'SET_S4_OBJECT', 'SET_TRUELENGTH', 'STDVEC_DATAPTR', 'STRING_PTR', 'TRUELENGTH', 'UNSET_S4_OBJECT' Compiled code should not call non-API entry points in R. See 'Writing portable packages' in the 'Writing R Extensions' manual, and section 'Moving into C API compliance' for issues with the use of non-API entry points. Flavors: r-devel-windows-x86_64, r-release-windows-x86_64