Last updated on 2024-05-09 07:57:02 CEST.
Flavor | Version | Tinstall | Tcheck | Ttotal | Status | Flags |
---|---|---|---|---|---|---|
r-devel-linux-x86_64-debian-clang | 0.3-1 | 7.70 | 57.67 | 65.37 | NOTE | |
r-devel-linux-x86_64-debian-gcc | 0.3-1 | 5.25 | 43.05 | 48.30 | NOTE | |
r-devel-linux-x86_64-fedora-clang | 0.3-1 | 81.42 | NOTE | |||
r-devel-linux-x86_64-fedora-gcc | 0.3-1 | 130.48 | NOTE | |||
r-devel-windows-x86_64 | 0.3-1 | 6.00 | 66.00 | 72.00 | NOTE | |
r-patched-linux-x86_64 | 0.3-1 | 4.47 | 53.12 | 57.59 | NOTE | |
r-release-linux-x86_64 | 0.3-1 | 4.59 | 54.47 | 59.06 | NOTE | |
r-release-macos-arm64 | 0.3-1 | 26.00 | NOTE | |||
r-release-windows-x86_64 | 0.3-1 | 6.00 | 65.00 | 71.00 | NOTE | |
r-oldrel-macos-arm64 | 0.3-1 | 28.00 | NOTE | |||
r-oldrel-macos-x86_64 | 0.3-1 | 39.00 | NOTE | |||
r-oldrel-windows-x86_64 | 0.3-1 | 8.00 | 71.00 | 79.00 | NOTE |
Version: 0.3-1
Check: LazyData
Result: NOTE
'LazyData' is specified without a 'data' directory
Flavors: r-devel-linux-x86_64-debian-clang, r-devel-linux-x86_64-debian-gcc, r-devel-linux-x86_64-fedora-clang, r-devel-linux-x86_64-fedora-gcc, r-devel-windows-x86_64, r-patched-linux-x86_64, r-release-linux-x86_64, r-release-macos-arm64, r-release-windows-x86_64, r-oldrel-macos-arm64, r-oldrel-macos-x86_64, r-oldrel-windows-x86_64