Last updated on 2024-05-13 07:50:20 CEST.
Flavor | Version | Tinstall | Tcheck | Ttotal | Status | Flags |
---|---|---|---|---|---|---|
r-devel-linux-x86_64-debian-clang | 0.1.7 | 9.88 | 148.71 | 158.59 | NOTE | |
r-devel-linux-x86_64-debian-gcc | 0.1.7 | 9.90 | 105.83 | 115.73 | NOTE | |
r-devel-linux-x86_64-fedora-clang | 0.1.7 | 198.60 | NOTE | |||
r-devel-linux-x86_64-fedora-gcc | 0.1.7 | 250.29 | NOTE | |||
r-devel-windows-x86_64 | 0.1.7 | 12.00 | 144.00 | 156.00 | NOTE | |
r-patched-linux-x86_64 | 0.1.7 | 17.53 | 139.54 | 157.07 | NOTE | |
r-release-linux-x86_64 | 0.1.7 | 9.40 | 139.40 | 148.80 | NOTE | |
r-release-macos-arm64 | 0.1.7 | 65.00 | NOTE | |||
r-release-windows-x86_64 | 0.1.7 | 13.00 | 140.00 | 153.00 | NOTE | |
r-oldrel-macos-arm64 | 0.1.7 | 58.00 | OK | |||
r-oldrel-macos-x86_64 | 0.1.7 | 103.00 | OK | |||
r-oldrel-windows-x86_64 | 0.1.7 | 15.00 | 167.00 | 182.00 | OK |
Version: 0.1.7
Check: Rd files
Result: NOTE
checkRd: (-1) partition_fold.Rd:21-22: Lost braces
21 | \code{train}{The mldr dataset with train examples, that includes all
| ^
checkRd: (-1) partition_fold.Rd:23-24: Lost braces
23 | \code{test}{The mldr dataset with test examples, defined by the
| ^
checkRd: (-1) partition_fold.Rd:25-26: Lost braces
25 | \code{validation}{Optionally, only if \code{has.validation = TRUE}.
| ^
Flavors: r-devel-linux-x86_64-debian-clang, r-devel-linux-x86_64-debian-gcc, r-devel-linux-x86_64-fedora-clang, r-devel-linux-x86_64-fedora-gcc, r-devel-windows-x86_64, r-patched-linux-x86_64, r-release-linux-x86_64, r-release-macos-arm64, r-release-windows-x86_64