Last updated on 2024-05-11 07:51:46 CEST.
Flavor | Version | Tinstall | Tcheck | Ttotal | Status | Flags |
---|---|---|---|---|---|---|
r-devel-linux-x86_64-debian-clang | 0.7.1 | 4.67 | 115.77 | 120.44 | OK | |
r-devel-linux-x86_64-debian-gcc | 0.7.1 | 3.00 | 86.77 | 89.77 | OK | |
r-devel-linux-x86_64-fedora-clang | 0.7.1 | 145.55 | NOTE | |||
r-devel-linux-x86_64-fedora-gcc | 0.7.1 | 181.11 | NOTE | |||
r-devel-windows-x86_64 | 0.7.1 | 5.00 | 108.00 | 113.00 | OK | |
r-patched-linux-x86_64 | 0.7.1 | 4.91 | 110.22 | 115.13 | OK | |
r-release-linux-x86_64 | 0.7.1 | 3.48 | 108.79 | 112.27 | OK | |
r-release-macos-arm64 | 0.7.1 | 52.00 | OK | |||
r-release-macos-x86_64 | 0.7.1 | 141.00 | OK | |||
r-release-windows-x86_64 | 0.7.1 | 5.00 | 105.00 | 110.00 | OK | |
r-oldrel-macos-arm64 | 0.7.1 | 54.00 | OK | |||
r-oldrel-macos-x86_64 | 0.7.1 | 121.00 | OK | |||
r-oldrel-windows-x86_64 | 0.7.1 | 7.00 | 124.00 | 131.00 | OK |
Version: 0.7.1
Check: data for non-ASCII characters
Result: NOTE
Note: found 17 marked UTF-8 strings
Flavors: r-devel-linux-x86_64-fedora-clang, r-devel-linux-x86_64-fedora-gcc