CRAN Package Check Results for Package usl

Last updated on 2025-02-17 07:50:50 CET.

Flavor Version Tinstall Tcheck Ttotal Status Flags
r-devel-linux-x86_64-debian-clang 3.0.3 2.83 51.14 53.97 NOTE
r-devel-linux-x86_64-debian-gcc 3.0.3 2.11 40.84 42.95 NOTE
r-devel-linux-x86_64-fedora-clang 3.0.3 88.49 OK
r-devel-linux-x86_64-fedora-gcc 3.0.3 100.83 OK
r-devel-macos-arm64 3.0.3 40.00 OK
r-devel-macos-x86_64 3.0.3 69.00 OK
r-devel-windows-x86_64 3.0.3 6.00 96.00 102.00 NOTE
r-patched-linux-x86_64 3.0.3 4.85 49.96 54.81 OK
r-release-linux-x86_64 3.0.3 2.71 49.90 52.61 OK
r-release-macos-arm64 3.0.3 36.00 OK
r-release-macos-x86_64 3.0.3 94.00 OK
r-release-windows-x86_64 3.0.3 4.00 102.00 106.00 OK
r-oldrel-macos-arm64 3.0.3 40.00 OK
r-oldrel-macos-x86_64 3.0.3 83.00 OK
r-oldrel-windows-x86_64 3.0.3 4.00 117.00 121.00 OK

Check Details

Version: 3.0.3
Check: Rd cross-references
Result: NOTE Found the following Rd file(s) with Rd \link{} targets missing package anchors: usl.Rd: nlxb, nlsr usl.solve.nlxb.Rd: nlxb Please provide package anchors for all Rd \link{} targets not in the package itself and the base packages. Flavors: r-devel-linux-x86_64-debian-clang, r-devel-linux-x86_64-debian-gcc, r-devel-windows-x86_64