Last updated on 2025-10-31 07:52:03 CET.
| Flavor | Version | Tinstall | Tcheck | Ttotal | Status | Flags | 
|---|---|---|---|---|---|---|
| r-devel-linux-x86_64-debian-clang | 2.0 | 8.25 | 72.21 | 80.46 | NOTE | |
| r-devel-linux-x86_64-debian-gcc | 2.0 | 5.71 | 54.78 | 60.49 | NOTE | |
| r-devel-linux-x86_64-fedora-clang | 2.0 | 16.00 | 109.88 | 125.88 | OK | |
| r-devel-linux-x86_64-fedora-gcc | 2.0 | 17.00 | 99.17 | 116.17 | OK | |
| r-devel-windows-x86_64 | 2.0 | 9.00 | 78.00 | 87.00 | OK | |
| r-patched-linux-x86_64 | 2.0 | 7.23 | 70.60 | 77.83 | OK | |
| r-release-linux-x86_64 | 2.0 | 7.51 | 71.07 | 78.58 | OK | |
| r-release-macos-arm64 | 2.0 | 4.00 | 39.00 | 43.00 | OK | |
| r-release-macos-x86_64 | 2.0 | 8.00 | 66.00 | 74.00 | OK | |
| r-release-windows-x86_64 | 2.0 | 11.00 | 81.00 | 92.00 | OK | |
| r-oldrel-macos-arm64 | 2.0 | 4.00 | 32.00 | 36.00 | OK | |
| r-oldrel-macos-x86_64 | 2.0 | 6.00 | 48.00 | 54.00 | OK | |
| r-oldrel-windows-x86_64 | 2.0 | 13.00 | 95.00 | 108.00 | OK | 
Version: 2.0
Check: CRAN incoming feasibility
Result: NOTE
  Maintainer: ‘Paula M. Murray <paula.murray@math.mcmaster.ca>’
  
  No Authors@R field in DESCRIPTION.
  Please add one, modifying
    Authors@R: c(person(given = c("Paula", "M."),
                        family = "Murray",
                        role = c("aut", "cre"),
                        email = "paula.murray@math.mcmaster.ca"),
                 person(given = c("Ryan", "P."),
                        family = "Browne",
                        role = "aut"),
                 person(given = c("Paul", "D."),
                        family = "McNicholas",
                        role = "aut"))
  as necessary.
Flavors: r-devel-linux-x86_64-debian-clang, r-devel-linux-x86_64-debian-gcc