Last updated on 2025-02-17 07:50:50 CET.
Flavor | Version | Tinstall | Tcheck | Ttotal | Status | Flags |
---|---|---|---|---|---|---|
r-devel-linux-x86_64-debian-clang | 0.1.0 | 6.25 | 44.69 | 50.94 | OK | |
r-devel-linux-x86_64-debian-gcc | 0.1.0 | 4.70 | 32.48 | 37.18 | OK | |
r-devel-linux-x86_64-fedora-clang | 0.1.0 | 85.68 | OK | |||
r-devel-linux-x86_64-fedora-gcc | 0.1.0 | 96.56 | OK | |||
r-devel-macos-arm64 | 0.1.0 | 36.00 | OK | |||
r-devel-macos-x86_64 | 0.1.0 | 65.00 | OK | |||
r-devel-windows-x86_64 | 0.1.0 | 9.00 | 75.00 | 84.00 | OK | |
r-patched-linux-x86_64 | 0.1.0 | 6.98 | 42.59 | 49.57 | OK | |
r-release-linux-x86_64 | 0.1.0 | 5.91 | 43.32 | 49.23 | OK | |
r-release-macos-arm64 | 0.1.0 | 50.00 | OK | |||
r-release-macos-x86_64 | 0.1.0 | 63.00 | NOTE | |||
r-release-windows-x86_64 | 0.1.0 | 9.00 | 81.00 | 90.00 | OK | |
r-oldrel-macos-arm64 | 0.1.0 | 39.00 | OK | |||
r-oldrel-macos-x86_64 | 0.1.0 | 58.00 | NOTE | |||
r-oldrel-windows-x86_64 | 0.1.0 | 10.00 | 80.00 | 90.00 | OK |
Version: 0.1.0
Check: installed package size
Result: NOTE
installed size is 5.6Mb
sub-directories of 1Mb or more:
R 2.6Mb
data 2.6Mb
Flavors: r-release-macos-x86_64, r-oldrel-macos-x86_64