Last updated on 2025-02-17 07:50:50 CET.
Flavor | Version | Tinstall | Tcheck | Ttotal | Status | Flags |
---|---|---|---|---|---|---|
r-devel-linux-x86_64-debian-clang | 0.2.0 | 32.46 | 24.47 | 56.93 | NOTE | |
r-devel-linux-x86_64-debian-gcc | 0.2.0 | 21.78 | 19.76 | 41.54 | NOTE | |
r-devel-linux-x86_64-fedora-clang | 0.2.0 | 116.41 | NOTE | |||
r-devel-linux-x86_64-fedora-gcc | 0.2.0 | 98.17 | NOTE | |||
r-devel-macos-arm64 | 0.2.0 | 29.00 | NOTE | |||
r-devel-macos-x86_64 | 0.2.0 | 39.00 | NOTE | |||
r-devel-windows-x86_64 | 0.2.0 | 34.00 | 66.00 | 100.00 | NOTE | |
r-patched-linux-x86_64 | 0.2.0 | 30.57 | 23.24 | 53.81 | NOTE | |
r-release-linux-x86_64 | 0.2.0 | 29.36 | 23.60 | 52.96 | NOTE | |
r-release-macos-arm64 | 0.2.0 | 31.00 | NOTE | |||
r-release-macos-x86_64 | 0.2.0 | 39.00 | NOTE | |||
r-release-windows-x86_64 | 0.2.0 | 33.00 | 61.00 | 94.00 | NOTE | |
r-oldrel-macos-arm64 | 0.2.0 | 39.00 | NOTE | |||
r-oldrel-macos-x86_64 | 0.2.0 | 61.00 | NOTE | |||
r-oldrel-windows-x86_64 | 0.2.0 | 38.00 | 109.00 | 147.00 | NOTE |
Version: 0.2.0
Check: C++ specification
Result: NOTE
Specified C++11: please drop specification unless essential
Flavors: r-devel-linux-x86_64-debian-clang, r-devel-linux-x86_64-debian-gcc, r-devel-linux-x86_64-fedora-clang, r-devel-linux-x86_64-fedora-gcc, r-devel-macos-arm64, r-devel-macos-x86_64, r-devel-windows-x86_64, r-patched-linux-x86_64, r-release-linux-x86_64, r-release-macos-arm64, r-release-macos-x86_64, r-release-windows-x86_64, r-oldrel-macos-arm64, r-oldrel-macos-x86_64, r-oldrel-windows-x86_64