Last updated on 2025-05-09 07:51:11 CEST.
Flavor | Version | Tinstall | Tcheck | Ttotal | Status | Flags |
---|---|---|---|---|---|---|
r-devel-linux-x86_64-debian-clang | 0.5-8 | 2.58 | 28.52 | 31.10 | NOTE | |
r-devel-linux-x86_64-debian-gcc | 0.5-8 | 2.15 | 22.62 | 24.77 | NOTE | |
r-devel-linux-x86_64-fedora-clang | 0.5-8 | 51.28 | OK | |||
r-devel-linux-x86_64-fedora-gcc | 0.5-8 | 62.86 | OK | |||
r-devel-windows-x86_64 | 0.5-8 | 6.00 | 64.00 | 70.00 | OK | |
r-patched-linux-x86_64 | 0.5-8 | 2.46 | 27.49 | 29.95 | OK | |
r-release-linux-x86_64 | 0.5-8 | 2.57 | 27.67 | 30.24 | OK | |
r-release-macos-arm64 | 0.5-8 | 34.00 | OK | |||
r-release-macos-x86_64 | 0.5-8 | 51.00 | OK | |||
r-release-windows-x86_64 | 0.5-8 | 7.00 | 68.00 | 75.00 | OK | |
r-oldrel-macos-arm64 | 0.5-8 | 26.00 | OK | |||
r-oldrel-macos-x86_64 | 0.5-8 | 38.00 | OK | |||
r-oldrel-windows-x86_64 | 0.5-8 | 5.00 | 61.00 | 66.00 | OK |
Version: 0.5-8
Check: CRAN incoming feasibility
Result: NOTE
Maintainer: ‘Charles J. Geyer <charlie@stat.umn.edu>’
No Authors@R field in DESCRIPTION.
Please add one, modifying
Authors@R: c(person(given = c("Charles", "J."),
family = "Geyer",
role = c("aut", "cre"),
email = "charlie@stat.umn.edu"),
person(given = c("Glen", "D."),
family = "Meeden",
role = "aut",
email = "glen@stat.umn.edu"))
as necessary.
Flavors: r-devel-linux-x86_64-debian-clang, r-devel-linux-x86_64-debian-gcc