Last updated on 2025-02-19 07:54:03 CET.
Flavor | Version | Tinstall | Tcheck | Ttotal | Status | Flags |
---|---|---|---|---|---|---|
r-devel-linux-x86_64-debian-clang | 0.6.3 | 2.09 | 20.69 | 22.78 | NOTE | |
r-devel-linux-x86_64-debian-gcc | 0.6.3 | 1.81 | 16.87 | 18.68 | NOTE | |
r-devel-linux-x86_64-fedora-clang | 0.6.3 | 37.77 | NOTE | |||
r-devel-linux-x86_64-fedora-gcc | 0.6.3 | 35.49 | NOTE | |||
r-devel-macos-arm64 | 0.6.3 | 17.00 | NOTE | |||
r-devel-macos-x86_64 | 0.6.3 | 25.00 | NOTE | |||
r-devel-windows-x86_64 | 0.6.3 | 5.00 | 50.00 | 55.00 | NOTE | |
r-patched-linux-x86_64 | 0.6.3 | 2.16 | 20.08 | 22.24 | NOTE | |
r-release-linux-x86_64 | 0.6.3 | 2.06 | 19.95 | 22.01 | NOTE | |
r-release-macos-arm64 | 0.6.3 | 15.00 | NOTE | |||
r-release-macos-x86_64 | 0.6.3 | 22.00 | NOTE | |||
r-release-windows-x86_64 | 0.6.3 | 4.00 | 47.00 | 51.00 | NOTE | |
r-oldrel-macos-arm64 | 0.6.3 | 15.00 | OK | |||
r-oldrel-macos-x86_64 | 0.6.3 | 22.00 | OK | |||
r-oldrel-windows-x86_64 | 0.6.3 | 3.00 | 48.00 | 51.00 | OK |
Version: 0.6.3
Check: Rd files
Result: NOTE
checkRd: (-1) twoway.Rd:66: Lost braces
66 | code{\link{twoway.formula}}, code{\link[stats]{medpolish}}
| ^
checkRd: (-1) twoway.Rd:66: Lost braces
66 | code{\link{twoway.formula}}, code{\link[stats]{medpolish}}
| ^
Flavors: r-devel-linux-x86_64-debian-clang, r-devel-linux-x86_64-debian-gcc, r-devel-linux-x86_64-fedora-clang, r-devel-linux-x86_64-fedora-gcc, r-devel-macos-arm64, r-devel-macos-x86_64, r-devel-windows-x86_64, r-patched-linux-x86_64, r-release-linux-x86_64, r-release-macos-arm64, r-release-macos-x86_64, r-release-windows-x86_64