CRAN Package Check Results for Package tukeytrend

Last updated on 2025-01-22 07:50:41 CET.

Flavor Version Tinstall Tcheck Ttotal Status Flags
r-devel-linux-x86_64-debian-clang 0.7 11.52 210.93 222.45 OK
r-devel-linux-x86_64-debian-gcc 0.7 7.72 161.46 169.18 OK
r-devel-linux-x86_64-fedora-clang 0.7 364.89 OK
r-devel-linux-x86_64-fedora-gcc 0.7 366.65 OK
r-devel-windows-x86_64 0.7 11.00 233.00 244.00 OK
r-patched-linux-x86_64 0.7 10.33 210.53 220.86 OK
r-release-linux-x86_64 0.7 10.17 210.51 220.68 OK
r-release-macos-arm64 0.7 129.00 OK
r-release-macos-x86_64 0.7 203.00 WARN
r-release-windows-x86_64 0.7 12.00 243.00 255.00 OK
r-oldrel-macos-arm64 0.7 142.00 OK
r-oldrel-macos-x86_64 0.7 216.00 OK
r-oldrel-windows-x86_64 0.7 16.00 287.00 303.00 OK

Check Details

Version: 0.7
Check: re-building of vignette outputs
Result: WARN Error(s) in re-building vignettes: ... --- re-building ‘ExamplesTukeytrendtest.Rnw’ using knitr Error: processing vignette 'ExamplesTukeytrendtest.Rnw' failed with diagnostics: Running 'texi2dvi' on 'ExamplesTukeytrendtest.tex' failed. LaTeX errors: ! Undefined control sequence. l.157 \hlkwd{library}\hldef {(}\hlsng{"xtable"}\hldef{)} ? ! Emergency stop. ! Emergency stop. l.157 End of file on the terminal! ! ==> Fatal error occurred, no output PDF file produced! --- failed re-building ‘ExamplesTukeytrendtest.Rnw’ SUMMARY: processing the following file failed: ‘ExamplesTukeytrendtest.Rnw’ Error: Vignette re-building failed. Execution halted Flavor: r-release-macos-x86_64