Last updated on 2025-02-11 07:48:37 CET.
Flavor | Version | Tinstall | Tcheck | Ttotal | Status | Flags |
---|---|---|---|---|---|---|
r-devel-linux-x86_64-debian-clang | 0.6 | 2.79 | 21.01 | 23.80 | NOTE | |
r-devel-linux-x86_64-debian-gcc | 0.6 | 1.99 | 17.39 | 19.38 | NOTE | |
r-devel-linux-x86_64-fedora-clang | 0.6 | 37.41 | NOTE | |||
r-devel-linux-x86_64-fedora-gcc | 0.6 | 35.69 | NOTE | |||
r-devel-windows-x86_64 | 0.6 | 3.00 | 45.00 | 48.00 | NOTE | |
r-patched-linux-x86_64 | 0.6 | 2.71 | 19.95 | 22.66 | NOTE | |
r-release-linux-x86_64 | 0.6 | 2.53 | 20.07 | 22.60 | NOTE | |
r-release-macos-arm64 | 0.6 | 15.00 | NOTE | |||
r-release-macos-x86_64 | 0.6 | 22.00 | NOTE | |||
r-release-windows-x86_64 | 0.6 | 4.00 | 44.00 | 48.00 | NOTE | |
r-oldrel-macos-arm64 | 0.6 | 16.00 | NOTE | |||
r-oldrel-macos-x86_64 | 0.6 | 24.00 | NOTE | |||
r-oldrel-windows-x86_64 | 0.6 | 4.00 | 44.00 | 48.00 | NOTE |
Version: 0.6
Check: DESCRIPTION meta-information
Result: NOTE
Malformed Title field: should not end in a period.
Flavors: r-devel-linux-x86_64-debian-clang, r-devel-linux-x86_64-debian-gcc, r-devel-linux-x86_64-fedora-clang, r-devel-linux-x86_64-fedora-gcc, r-devel-windows-x86_64, r-patched-linux-x86_64, r-release-linux-x86_64, r-release-macos-arm64, r-release-macos-x86_64, r-release-windows-x86_64, r-oldrel-macos-arm64, r-oldrel-macos-x86_64, r-oldrel-windows-x86_64