CRAN Package Check Results for Package tripsAndDipR

Last updated on 2025-05-09 07:51:11 CEST.

Flavor Version Tinstall Tcheck Ttotal Status Flags
r-devel-linux-x86_64-debian-clang 0.1.0 1.62 16.70 18.32 OK
r-devel-linux-x86_64-debian-gcc 0.1.0 1.40 13.76 15.16 OK
r-devel-linux-x86_64-fedora-clang 0.1.0 28.86 OK
r-devel-linux-x86_64-fedora-gcc 0.1.0 28.55 OK
r-devel-windows-x86_64 0.1.0 3.00 37.00 40.00 OK
r-patched-linux-x86_64 0.1.0 1.82 15.87 17.69 OK
r-release-linux-x86_64 0.1.0 1.68 15.97 17.65 OK
r-release-macos-arm64 0.1.0 13.00 OK
r-release-macos-x86_64 0.1.0 22.00 OK
r-release-windows-x86_64 0.1.0 3.00 40.00 43.00 OK
r-oldrel-macos-arm64 0.1.0 12.00 NOTE
r-oldrel-macos-x86_64 0.1.0 20.00 NOTE
r-oldrel-windows-x86_64 0.1.0 2.00 38.00 40.00 NOTE

Check Details

Version: 0.1.0
Check: LazyData
Result: NOTE 'LazyData' is specified without a 'data' directory Flavors: r-oldrel-macos-arm64, r-oldrel-macos-x86_64, r-oldrel-windows-x86_64