Last updated on 2025-05-09 07:51:11 CEST.
Flavor | Version | Tinstall | Tcheck | Ttotal | Status | Flags |
---|---|---|---|---|---|---|
r-devel-linux-x86_64-debian-clang | 0.5.0 | 2.00 | 18.13 | 20.13 | OK | |
r-devel-linux-x86_64-debian-gcc | 0.5.0 | 1.60 | 14.31 | 15.91 | OK | |
r-devel-linux-x86_64-fedora-clang | 0.5.0 | 31.56 | OK | |||
r-devel-linux-x86_64-fedora-gcc | 0.5.0 | 30.05 | OK | |||
r-devel-windows-x86_64 | 0.5.0 | 3.00 | 35.00 | 38.00 | OK | |
r-patched-linux-x86_64 | 0.5.0 | 2.08 | 16.97 | 19.05 | OK | |
r-release-linux-x86_64 | 0.5.0 | 1.98 | 17.03 | 19.01 | OK | |
r-release-macos-arm64 | 0.5.0 | 15.00 | OK | |||
r-release-macos-x86_64 | 0.5.0 | 22.00 | OK | |||
r-release-windows-x86_64 | 0.5.0 | 3.00 | 39.00 | 42.00 | OK | |
r-oldrel-macos-arm64 | 0.5.0 | 12.00 | NOTE | |||
r-oldrel-macos-x86_64 | 0.5.0 | 19.00 | NOTE | |||
r-oldrel-windows-x86_64 | 0.5.0 | 3.00 | 36.00 | 39.00 | NOTE |
Version: 0.5.0
Check: LazyData
Result: NOTE
'LazyData' is specified without a 'data' directory
Flavors: r-oldrel-macos-arm64, r-oldrel-macos-x86_64, r-oldrel-windows-x86_64