Last updated on 2025-02-06 07:50:49 CET.
Flavor | Version | Tinstall | Tcheck | Ttotal | Status | Flags |
---|---|---|---|---|---|---|
r-devel-linux-x86_64-debian-clang | 2.2.0 | 16.19 | 121.76 | 137.95 | NOTE | |
r-devel-linux-x86_64-debian-gcc | 2.2.0 | 12.01 | 90.84 | 102.85 | NOTE | |
r-devel-linux-x86_64-fedora-clang | 2.2.0 | 220.68 | NOTE | |||
r-devel-linux-x86_64-fedora-gcc | 2.2.0 | 206.25 | NOTE | |||
r-devel-windows-x86_64 | 2.2.0 | 17.00 | 134.00 | 151.00 | NOTE | |
r-patched-linux-x86_64 | 2.2.0 | 15.59 | 114.96 | 130.55 | OK | |
r-release-linux-x86_64 | 2.2.0 | 14.33 | 113.63 | 127.96 | OK | |
r-release-macos-arm64 | 2.2.0 | 58.00 | OK | |||
r-release-macos-x86_64 | 2.2.0 | 85.00 | OK | |||
r-release-windows-x86_64 | 2.2.0 | 18.00 | 131.00 | 149.00 | OK | |
r-oldrel-macos-arm64 | 2.2.0 | 62.00 | OK | |||
r-oldrel-macos-x86_64 | 2.2.0 | 176.00 | OK | |||
r-oldrel-windows-x86_64 | 2.2.0 | 24.00 | 165.00 | 189.00 | OK |
Version: 2.2.0
Check: DESCRIPTION meta-information
Result: NOTE
Missing dependency on R >= 4.1.0 because package code uses the pipe
|> or function shorthand \(...) syntax added in R 4.1.0.
File(s) using such syntax:
‘predict.R’ ‘train.R’ ‘variables.R’
Flavors: r-devel-linux-x86_64-debian-clang, r-devel-linux-x86_64-debian-gcc, r-devel-linux-x86_64-fedora-clang, r-devel-linux-x86_64-fedora-gcc, r-devel-windows-x86_64