Last updated on 2025-02-11 07:48:37 CET.
Flavor | Version | Tinstall | Tcheck | Ttotal | Status | Flags |
---|---|---|---|---|---|---|
r-devel-linux-x86_64-debian-clang | 0.2.1 | 6.11 | 50.51 | 56.62 | NOTE | |
r-devel-linux-x86_64-debian-gcc | 0.2.1 | 4.16 | 36.85 | 41.01 | NOTE | |
r-devel-linux-x86_64-fedora-clang | 0.2.1 | 93.69 | NOTE | |||
r-devel-linux-x86_64-fedora-gcc | 0.2.1 | 97.54 | NOTE | |||
r-devel-windows-x86_64 | 0.2.1 | 8.00 | 69.00 | 77.00 | NOTE | |
r-patched-linux-x86_64 | 0.2.1 | 5.79 | 46.48 | 52.27 | OK | |
r-release-linux-x86_64 | 0.2.1 | 5.63 | 46.66 | 52.29 | OK | |
r-release-macos-arm64 | 0.2.1 | 34.00 | OK | |||
r-release-macos-x86_64 | 0.2.1 | 52.00 | OK | |||
r-release-windows-x86_64 | 0.2.1 | 10.00 | 70.00 | 80.00 | OK | |
r-oldrel-macos-arm64 | 0.2.1 | 40.00 | OK | |||
r-oldrel-macos-x86_64 | 0.2.1 | 71.00 | OK | |||
r-oldrel-windows-x86_64 | 0.2.1 | 8.00 | 75.00 | 83.00 | OK |
Version: 0.2.1
Check: DESCRIPTION meta-information
Result: NOTE
Missing dependency on R >= 4.1.0 because package code uses the pipe
|> or function shorthand \(...) syntax added in R 4.1.0.
File(s) using such syntax:
‘Get_time_entries.R’
Flavors: r-devel-linux-x86_64-debian-clang, r-devel-linux-x86_64-debian-gcc, r-devel-linux-x86_64-fedora-clang, r-devel-linux-x86_64-fedora-gcc, r-devel-windows-x86_64