CRAN Package Check Results for Package tinyspotifyr

Last updated on 2025-02-07 07:49:20 CET.

Flavor Version Tinstall Tcheck Ttotal Status Flags
r-devel-linux-x86_64-debian-clang 0.2.2 3.05 28.25 31.30 OK
r-devel-linux-x86_64-debian-gcc 0.2.2 2.24 21.61 23.85 OK
r-devel-linux-x86_64-fedora-clang 0.2.2 51.88 OK
r-devel-linux-x86_64-fedora-gcc 0.2.2 48.50 OK
r-devel-windows-x86_64 0.2.2 5.00 61.00 66.00 OK
r-patched-linux-x86_64 0.2.2 4.27 26.66 30.93 NOTE
r-release-linux-x86_64 0.2.2 2.90 26.30 29.20 NOTE
r-release-macos-arm64 0.2.2 18.00 NOTE
r-release-macos-x86_64 0.2.2 29.00 NOTE
r-release-windows-x86_64 0.2.2 5.00 59.00 64.00 NOTE
r-oldrel-macos-arm64 0.2.2 22.00 NOTE
r-oldrel-macos-x86_64 0.2.2 26.00 NOTE
r-oldrel-windows-x86_64 0.2.2 6.00 63.00 69.00 NOTE

Check Details

Version: 0.2.2
Check: LazyData
Result: NOTE 'LazyData' is specified without a 'data' directory Flavors: r-patched-linux-x86_64, r-release-linux-x86_64, r-release-macos-arm64, r-release-macos-x86_64, r-release-windows-x86_64, r-oldrel-macos-arm64, r-oldrel-macos-x86_64, r-oldrel-windows-x86_64