Last updated on 2025-01-18 07:50:50 CET.
Flavor | Version | Tinstall | Tcheck | Ttotal | Status | Flags |
---|---|---|---|---|---|---|
r-devel-linux-x86_64-debian-clang | 2.9.0 | 22.50 | 270.44 | 292.94 | NOTE | |
r-devel-linux-x86_64-debian-gcc | 2.9.0 | 14.37 | 179.56 | 193.93 | NOTE | |
r-devel-linux-x86_64-fedora-clang | 2.9.0 | 483.49 | OK | |||
r-devel-linux-x86_64-fedora-gcc | 2.9.0 | 450.83 | OK | |||
r-devel-windows-x86_64 | 2.9.0 | 24.00 | 279.00 | 303.00 | NOTE | |
r-patched-linux-x86_64 | 2.9.0 | 31.96 | 248.53 | 280.49 | OK | |
r-release-linux-x86_64 | 2.9.0 | 19.39 | 249.44 | 268.83 | OK | |
r-release-macos-arm64 | 2.9.0 | 120.00 | OK | |||
r-release-macos-x86_64 | 2.9.0 | 216.00 | OK | |||
r-release-windows-x86_64 | 2.9.0 | 23.00 | 265.00 | 288.00 | OK | |
r-oldrel-macos-arm64 | 2.9.0 | 177.00 | OK | |||
r-oldrel-macos-x86_64 | 2.9.0 | 273.00 | OK | |||
r-oldrel-windows-x86_64 | 2.9.0 | 29.00 | 342.00 | 371.00 | OK |
Version: 2.9.0
Check: Rd cross-references
Result: NOTE
Found the following Rd file(s) with Rd \link{} targets missing package
anchors:
parse_date2.Rd: anytime, anydate
step_box_cox.Rd: selections
step_diff.Rd: step_naomit, selections
step_log_interval.Rd: selections
step_ts_clean.Rd: selections
step_ts_impute.Rd: selections
Please provide package anchors for all Rd \link{} targets not in the
package itself and the base packages.
Flavors: r-devel-linux-x86_64-debian-clang, r-devel-linux-x86_64-debian-gcc, r-devel-windows-x86_64