Last updated on 2025-02-19 07:54:02 CET.
Flavor | Version | Tinstall | Tcheck | Ttotal | Status | Flags |
---|---|---|---|---|---|---|
r-devel-linux-x86_64-debian-clang | 0.4 | 9.45 | 79.64 | 89.09 | NOTE | |
r-devel-linux-x86_64-debian-gcc | 0.4 | 6.20 | 55.76 | 61.96 | NOTE | |
r-devel-linux-x86_64-fedora-clang | 0.4 | 146.33 | NOTE | |||
r-devel-linux-x86_64-fedora-gcc | 0.4 | 130.74 | NOTE | |||
r-devel-macos-arm64 | 0.4 | 41.00 | NOTE | |||
r-devel-macos-x86_64 | 0.4 | 76.00 | NOTE | |||
r-devel-windows-x86_64 | 0.4 | 11.00 | 98.00 | 109.00 | NOTE | |
r-patched-linux-x86_64 | 0.4 | 9.50 | 72.96 | 82.46 | NOTE | |
r-release-linux-x86_64 | 0.4 | 9.07 | 73.12 | 82.19 | NOTE | |
r-release-macos-arm64 | 0.4 | 43.00 | NOTE | |||
r-release-macos-x86_64 | 0.4 | 74.00 | NOTE | |||
r-release-windows-x86_64 | 0.4 | 11.00 | 90.00 | 101.00 | NOTE | |
r-oldrel-macos-arm64 | 0.4 | 49.00 | NOTE | |||
r-oldrel-macos-x86_64 | 0.4 | 72.00 | NOTE | |||
r-oldrel-windows-x86_64 | 0.4 | 13.00 | 101.00 | 114.00 | NOTE |
Version: 0.4
Check: Rd files
Result: NOTE
checkRd: (-1) compare.Rd:46: Escaped LaTeX specials: \&
Flavors: r-devel-linux-x86_64-debian-clang, r-devel-linux-x86_64-debian-gcc, r-devel-linux-x86_64-fedora-clang, r-devel-linux-x86_64-fedora-gcc, r-devel-macos-arm64, r-devel-macos-x86_64, r-devel-windows-x86_64, r-patched-linux-x86_64, r-release-linux-x86_64, r-release-macos-arm64, r-release-macos-x86_64, r-release-windows-x86_64, r-oldrel-macos-arm64, r-oldrel-macos-x86_64, r-oldrel-windows-x86_64