Last updated on 2024-07-26 07:52:05 CEST.
Flavor | Version | Tinstall | Tcheck | Ttotal | Status | Flags |
---|---|---|---|---|---|---|
r-devel-linux-x86_64-debian-clang | 0.2.0 | 3.42 | 139.81 | 143.23 | OK | |
r-devel-linux-x86_64-debian-gcc | 0.2.0 | 2.46 | 104.74 | 107.20 | OK | |
r-devel-linux-x86_64-fedora-clang | 0.2.0 | 179.90 | NOTE | |||
r-devel-linux-x86_64-fedora-gcc | 0.2.0 | 186.72 | NOTE | |||
r-devel-windows-x86_64 | 0.2.0 | 4.00 | 114.00 | 118.00 | OK | |
r-patched-linux-x86_64 | 0.2.0 | OK | ||||
r-release-linux-x86_64 | 0.2.0 | 2.55 | 140.85 | 143.40 | OK | |
r-release-macos-arm64 | 0.2.0 | 50.00 | OK | |||
r-release-macos-x86_64 | 0.2.0 | 81.00 | OK | |||
r-release-windows-x86_64 | 0.2.0 | 4.00 | 113.00 | 117.00 | OK | |
r-oldrel-macos-arm64 | 0.2.0 | 56.00 | OK | |||
r-oldrel-macos-x86_64 | 0.2.0 | 88.00 | OK | |||
r-oldrel-windows-x86_64 | 0.2.0 | 5.00 | 143.00 | 148.00 | OK |
Version: 0.2.0
Check: dependencies in R code
Result: NOTE
Namespace in Imports field not imported from: ‘lwgeom’
All declared Imports should be used.
Flavors: r-devel-linux-x86_64-fedora-clang, r-devel-linux-x86_64-fedora-gcc