Last updated on 2025-02-20 07:53:34 CET.
Flavor | Version | Tinstall | Tcheck | Ttotal | Status | Flags |
---|---|---|---|---|---|---|
r-devel-linux-x86_64-debian-clang | 0.1.7 | 2.10 | 42.43 | 44.53 | OK | |
r-devel-linux-x86_64-debian-gcc | 0.1.7 | 1.88 | 33.15 | 35.03 | OK | |
r-devel-linux-x86_64-fedora-clang | 0.1.7 | 78.40 | OK | |||
r-devel-linux-x86_64-fedora-gcc | 0.1.7 | 75.20 | OK | |||
r-devel-macos-arm64 | 0.1.7 | 29.00 | OK | |||
r-devel-macos-x86_64 | 0.1.7 | 57.00 | OK | |||
r-devel-windows-x86_64 | 0.1.7 | 3.00 | 62.00 | 65.00 | OK | |
r-patched-linux-x86_64 | 0.1.7 | 2.55 | 42.08 | 44.63 | NOTE | |
r-release-linux-x86_64 | 0.1.7 | 2.67 | 43.35 | 46.02 | NOTE | |
r-release-macos-arm64 | 0.1.7 | 26.00 | NOTE | |||
r-release-macos-x86_64 | 0.1.7 | 46.00 | NOTE | |||
r-release-windows-x86_64 | 0.1.7 | 3.00 | 63.00 | 66.00 | NOTE | |
r-oldrel-macos-arm64 | 0.1.7 | 35.00 | NOTE | |||
r-oldrel-macos-x86_64 | 0.1.7 | 65.00 | NOTE | |||
r-oldrel-windows-x86_64 | 0.1.7 | 5.00 | 69.00 | 74.00 | NOTE |
Version: 0.1.7
Check: package dependencies
Result: NOTE
Package suggested but not available for checking: ‘rrelaxiv’
Flavors: r-patched-linux-x86_64, r-release-linux-x86_64, r-release-macos-arm64, r-release-macos-x86_64, r-release-windows-x86_64, r-oldrel-macos-arm64, r-oldrel-macos-x86_64, r-oldrel-windows-x86_64