Last updated on 2025-02-17 07:50:49 CET.
Flavor | Version | Tinstall | Tcheck | Ttotal | Status | Flags |
---|---|---|---|---|---|---|
r-devel-linux-x86_64-debian-clang | 1.1.0 | 47.93 | 457.12 | 505.05 | OK | |
r-devel-linux-x86_64-debian-gcc | 1.1.0 | 30.10 | 340.00 | 370.10 | OK | |
r-devel-linux-x86_64-fedora-clang | 1.1.0 | 811.13 | OK | |||
r-devel-linux-x86_64-fedora-gcc | 1.1.0 | 762.22 | OK | |||
r-devel-macos-arm64 | 1.1.0 | 225.00 | OK | |||
r-devel-macos-x86_64 | 1.1.0 | 433.00 | OK | |||
r-devel-windows-x86_64 | 1.1.0 | 42.00 | 421.00 | 463.00 | OK | |
r-patched-linux-x86_64 | 1.1.0 | 43.09 | 420.33 | 463.42 | OK | |
r-release-linux-x86_64 | 1.1.0 | 43.69 | 423.92 | 467.61 | OK | |
r-release-macos-arm64 | 1.1.0 | 211.00 | NOTE | |||
r-release-macos-x86_64 | 1.1.0 | 299.00 | OK | |||
r-release-windows-x86_64 | 1.1.0 | 43.00 | 413.00 | 456.00 | OK | |
r-oldrel-macos-arm64 | 1.1.0 | 206.00 | NOTE | |||
r-oldrel-macos-x86_64 | 1.1.0 | 457.00 | OK | |||
r-oldrel-windows-x86_64 | 1.1.0 | 63.00 | 502.00 | 565.00 | OK |
Version: 1.1.0
Check: installed package size
Result: NOTE
installed size is 5.1Mb
sub-directories of 1Mb or more:
data 4.5Mb
Flavors: r-release-macos-arm64, r-oldrel-macos-arm64