Last updated on 2025-02-17 07:50:49 CET.
Flavor | Version | Tinstall | Tcheck | Ttotal | Status | Flags |
---|---|---|---|---|---|---|
r-devel-linux-x86_64-debian-clang | 1.2.3 | 351.70 | 84.38 | 436.08 | OK | |
r-devel-linux-x86_64-debian-gcc | 1.2.3 | 222.47 | 61.95 | 284.42 | OK | |
r-devel-linux-x86_64-fedora-clang | 1.2.3 | 674.84 | OK | |||
r-devel-linux-x86_64-fedora-gcc | 1.2.3 | 740.38 | OK | |||
r-devel-macos-arm64 | 1.2.3 | 196.00 | OK | |||
r-devel-macos-x86_64 | 1.2.3 | 236.00 | OK | |||
r-devel-windows-x86_64 | 1.2.3 | 277.00 | 136.00 | 413.00 | OK | |
r-patched-linux-x86_64 | 1.2.3 | 305.94 | 78.13 | 384.07 | OK | |
r-release-linux-x86_64 | 1.2.3 | 308.64 | 79.38 | 388.02 | OK | |
r-release-macos-arm64 | 1.2.3 | 222.00 | NOTE | |||
r-release-macos-x86_64 | 1.2.3 | 242.00 | NOTE | |||
r-release-windows-x86_64 | 1.2.3 | 272.00 | 135.00 | 407.00 | OK | |
r-oldrel-macos-arm64 | 1.2.3 | 221.00 | NOTE | |||
r-oldrel-macos-x86_64 | 1.2.3 | 231.00 | NOTE | |||
r-oldrel-windows-x86_64 | 1.2.3 | 370.00 | 187.00 | 557.00 | OK |
Version: 1.2.3
Check: installed package size
Result: NOTE
installed size is 46.4Mb
sub-directories of 1Mb or more:
libs 45.5Mb
Flavors: r-release-macos-arm64, r-release-macos-x86_64, r-oldrel-macos-arm64, r-oldrel-macos-x86_64