Last updated on 2025-11-03 07:48:55 CET.
| Flavor | Version | Tinstall | Tcheck | Ttotal | Status | Flags |
|---|---|---|---|---|---|---|
| r-devel-linux-x86_64-debian-clang | 1.1.0 | 13.18 | 142.61 | 155.79 | NOTE | |
| r-devel-linux-x86_64-debian-gcc | 1.1.0 | 8.79 | 99.19 | 107.98 | NOTE | |
| r-devel-linux-x86_64-fedora-clang | 1.1.0 | 26.00 | 207.97 | 233.97 | NOTE | |
| r-devel-linux-x86_64-fedora-gcc | 1.1.0 | 37.00 | 197.41 | 234.41 | NOTE | |
| r-devel-windows-x86_64 | 1.1.0 | 13.00 | 132.00 | 145.00 | OK | |
| r-patched-linux-x86_64 | 1.1.0 | 11.17 | 130.33 | 141.50 | OK | |
| r-release-linux-x86_64 | 1.1.0 | 10.95 | 133.52 | 144.47 | OK | |
| r-release-macos-arm64 | 1.1.0 | 8.00 | 52.00 | 60.00 | OK | |
| r-release-macos-x86_64 | 1.1.0 | 9.00 | 113.00 | 122.00 | OK | |
| r-release-windows-x86_64 | 1.1.0 | 13.00 | 129.00 | 142.00 | OK | |
| r-oldrel-macos-arm64 | 1.1.0 | 5.00 | 53.00 | 58.00 | OK | |
| r-oldrel-macos-x86_64 | 1.1.0 | 13.00 | 143.00 | 156.00 | OK | |
| r-oldrel-windows-x86_64 | 1.1.0 | 18.00 | 175.00 | 193.00 | OK |
Version: 1.1.0
Check: Rd files
Result: NOTE
checkRd: (-1) add_cuminc.Rd:53: height/width attributes should be in pixels
checkRd: (-1) add_cuminc.Rd:57: height/width attributes should be in pixels
checkRd: (-1) tbl_cuminc.Rd:57: height/width attributes should be in pixels
checkRd: (-1) tbl_cuminc.Rd:61: height/width attributes should be in pixels
Flavors: r-devel-linux-x86_64-debian-clang, r-devel-linux-x86_64-debian-gcc, r-devel-linux-x86_64-fedora-clang, r-devel-linux-x86_64-fedora-gcc