CRAN Package Check Results for Package thaipdf

Last updated on 2025-02-17 07:50:49 CET.

Flavor Version Tinstall Tcheck Ttotal Status Flags
r-devel-linux-x86_64-debian-clang 0.1.2 2.06 25.08 27.14 NOTE
r-devel-linux-x86_64-debian-gcc 0.1.2 1.61 20.05 21.66 NOTE
r-devel-linux-x86_64-fedora-clang 0.1.2 44.99 OK
r-devel-linux-x86_64-fedora-gcc 0.1.2 55.63 OK
r-devel-macos-arm64 0.1.2 29.00 OK
r-devel-macos-x86_64 0.1.2 43.00 OK
r-devel-windows-x86_64 0.1.2 4.00 48.00 52.00 NOTE
r-patched-linux-x86_64 0.1.2 5.64 23.75 29.39 OK
r-release-linux-x86_64 0.1.2 1.68 23.83 25.51 OK
r-release-macos-arm64 0.1.2 25.00 OK
r-release-macos-x86_64 0.1.2 36.00 OK
r-release-windows-x86_64 0.1.2 4.00 51.00 55.00 OK
r-oldrel-macos-arm64 0.1.2 27.00 OK
r-oldrel-macos-x86_64 0.1.2 36.00 OK
r-oldrel-windows-x86_64 0.1.2 4.00 48.00 52.00 OK

Check Details

Version: 0.1.2
Check: Rd cross-references
Result: NOTE Found the following Rd file(s) with Rd \link{} targets missing package anchors: thaipdf_document.Rd: pdf_document Please provide package anchors for all Rd \link{} targets not in the package itself and the base packages. Flavors: r-devel-linux-x86_64-debian-clang, r-devel-linux-x86_64-debian-gcc, r-devel-windows-x86_64