CRAN Package Check Results for Package textometry

Last updated on 2025-05-09 07:51:10 CEST.

Flavor Version Tinstall Tcheck Ttotal Status Flags
r-devel-linux-x86_64-debian-clang 0.1.6 1.91 21.96 23.87 NOTE
r-devel-linux-x86_64-debian-gcc 0.1.6 1.57 17.96 19.53 NOTE
r-devel-linux-x86_64-fedora-clang 0.1.6 39.49 NOTE
r-devel-linux-x86_64-fedora-gcc 0.1.6 35.73 NOTE
r-devel-windows-x86_64 0.1.6 3.00 41.00 44.00 NOTE
r-patched-linux-x86_64 0.1.6 2.13 21.24 23.37 NOTE
r-release-linux-x86_64 0.1.6 1.89 21.05 22.94 NOTE
r-release-macos-arm64 0.1.6 17.00 NOTE
r-release-macos-x86_64 0.1.6 25.00 NOTE
r-release-windows-x86_64 0.1.6 3.00 151.00 154.00 NOTE
r-oldrel-macos-arm64 0.1.6 16.00 NOTE
r-oldrel-macos-x86_64 0.1.6 22.00 NOTE
r-oldrel-windows-x86_64 0.1.6 3.00 41.00 44.00 NOTE

Check Details

Version: 0.1.6
Check: CRAN incoming feasibility
Result: NOTE Maintainer: ‘Matthieu Decorde <matthieu.decorde@ens-lyon.fr>’ No Authors@R field in DESCRIPTION. Please add one, modifying Authors@R: c(person(given = "Sylvain", family = "Loiseau", role = "aut"), person(given = "Lise", family = "Vaudor", role = "aut"), person(given = "Matthieu", family = "Decorde", role = c("aut", "cre"), email = "matthieu.decorde@ens-lyon.fr"), person(given = "Serge", family = "Heiden", role = "aut")) as necessary. Flavors: r-devel-linux-x86_64-debian-clang, r-devel-linux-x86_64-debian-gcc

Version: 0.1.6
Check: package subdirectories
Result: NOTE Problems with news in ‘NEWS.md’: No news entries found. Flavors: r-devel-linux-x86_64-debian-clang, r-devel-linux-x86_64-debian-gcc, r-devel-linux-x86_64-fedora-clang, r-devel-linux-x86_64-fedora-gcc, r-devel-windows-x86_64, r-patched-linux-x86_64, r-release-linux-x86_64, r-release-macos-arm64, r-release-macos-x86_64, r-release-windows-x86_64, r-oldrel-macos-arm64, r-oldrel-macos-x86_64, r-oldrel-windows-x86_64