Last updated on 2025-02-11 07:48:37 CET.
Flavor | Version | Tinstall | Tcheck | Ttotal | Status | Flags |
---|---|---|---|---|---|---|
r-devel-linux-x86_64-debian-clang | 0.1.6 | 1.69 | 21.71 | 23.40 | NOTE | |
r-devel-linux-x86_64-debian-gcc | 0.1.6 | 1.55 | 17.62 | 19.17 | NOTE | |
r-devel-linux-x86_64-fedora-clang | 0.1.6 | 38.41 | NOTE | |||
r-devel-linux-x86_64-fedora-gcc | 0.1.6 | 35.75 | NOTE | |||
r-devel-windows-x86_64 | 0.1.6 | 2.00 | 42.00 | 44.00 | NOTE | |
r-patched-linux-x86_64 | 0.1.6 | 2.09 | 20.65 | 22.74 | NOTE | |
r-release-linux-x86_64 | 0.1.6 | 1.97 | 20.93 | 22.90 | NOTE | |
r-release-macos-arm64 | 0.1.6 | 16.00 | NOTE | |||
r-release-macos-x86_64 | 0.1.6 | 22.00 | NOTE | |||
r-release-windows-x86_64 | 0.1.6 | 3.00 | 41.00 | 44.00 | NOTE | |
r-oldrel-macos-arm64 | 0.1.6 | 17.00 | NOTE | |||
r-oldrel-macos-x86_64 | 0.1.6 | 22.00 | NOTE | |||
r-oldrel-windows-x86_64 | 0.1.6 | 4.00 | 42.00 | 46.00 | NOTE |
Version: 0.1.6
Check: package subdirectories
Result: NOTE
Problems with news in ‘NEWS.md’:
No news entries found.
Flavors: r-devel-linux-x86_64-debian-clang, r-devel-linux-x86_64-debian-gcc, r-devel-linux-x86_64-fedora-clang, r-devel-linux-x86_64-fedora-gcc, r-devel-windows-x86_64, r-patched-linux-x86_64, r-release-linux-x86_64, r-release-macos-arm64, r-release-macos-x86_64, r-release-windows-x86_64, r-oldrel-macos-arm64, r-oldrel-macos-x86_64, r-oldrel-windows-x86_64