CRAN Package Check Results for Package testthat

Last updated on 2025-02-17 07:50:49 CET.

Flavor Version Tinstall Tcheck Ttotal Status Flags
r-devel-linux-x86_64-debian-clang 3.2.3 42.10 192.23 234.33 NOTE
r-devel-linux-x86_64-debian-gcc 3.2.3 32.21 135.04 167.25 NOTE
r-devel-linux-x86_64-fedora-clang 3.2.3 389.19 NOTE
r-devel-linux-x86_64-fedora-gcc 3.2.3 409.41 NOTE
r-devel-macos-arm64 3.2.3 105.00 NOTE
r-devel-macos-x86_64 3.2.3 199.00 NOTE
r-devel-windows-x86_64 3.2.3 53.00 181.00 234.00 NOTE
r-patched-linux-x86_64 3.2.3 48.17 180.16 228.33 OK
r-release-linux-x86_64 3.2.3 46.62 181.60 228.22 OK
r-release-macos-arm64 3.2.3 107.00 NOTE
r-release-macos-x86_64 3.2.3 267.00 NOTE
r-release-windows-x86_64 3.2.3 54.00 166.00 220.00 OK
r-oldrel-macos-arm64 3.2.3 108.00 NOTE
r-oldrel-macos-x86_64 3.2.3 210.00 NOTE
r-oldrel-windows-x86_64 3.2.3 62.00 215.00 277.00 OK

Check Details

Version: 3.2.3
Check: compiled code
Result: NOTE File ‘testthat/libs/testthat.so’: Found non-API calls to R: ‘SET_BODY’, ‘SET_CLOENV’, ‘SET_FORMALS’ Compiled code should not call non-API entry points in R. See ‘Writing portable packages’ in the ‘Writing R Extensions’ manual, and section ‘Moving into C API compliance’ for issues with the use of non-API entry points. Flavors: r-devel-linux-x86_64-debian-clang, r-devel-linux-x86_64-debian-gcc, r-devel-linux-x86_64-fedora-clang, r-devel-linux-x86_64-fedora-gcc, r-devel-macos-arm64, r-devel-macos-x86_64

Version: 3.2.3
Check: compiled code
Result: NOTE File 'testthat/libs/x64/testthat.dll': Found non-API calls to R: 'SET_BODY', 'SET_CLOENV', 'SET_FORMALS' Compiled code should not call non-API entry points in R. See 'Writing portable packages' in the 'Writing R Extensions' manual, and section 'Moving into C API compliance' for issues with the use of non-API entry points. Flavor: r-devel-windows-x86_64

Version: 3.2.3
Check: installed package size
Result: NOTE installed size is 8.9Mb sub-directories of 1Mb or more: R 2.0Mb libs 5.4Mb Flavors: r-release-macos-arm64, r-release-macos-x86_64, r-oldrel-macos-arm64, r-oldrel-macos-x86_64